CRAN Package Check Results for Package airGR

Last updated on 2019-04-24 15:57:10 CEST.

Flavor Version Tinstall Tcheck Ttotal Status Flags
r-devel-linux-x86_64-debian-clang 1.2.13.16 11.27 174.07 185.34 OK
r-devel-linux-x86_64-debian-gcc 1.2.13.16 9.57 131.87 141.44 OK
r-devel-linux-x86_64-fedora-clang 1.2.13.16 216.58 NOTE
r-devel-linux-x86_64-fedora-gcc 1.2.13.16 204.91 NOTE
r-devel-windows-ix86+x86_64 1.2.13.16 35.00 300.00 335.00 OK
r-patched-linux-x86_64 1.2.13.16 10.32 169.02 179.34 OK
r-patched-solaris-x86 1.2.13.16 356.50 NOTE
r-release-linux-x86_64 1.2.13.16 9.78 178.02 187.80 OK
r-release-windows-ix86+x86_64 1.2.13.16 21.00 305.00 326.00 OK
r-release-osx-x86_64 1.2.13.16 NOTE
r-oldrel-windows-ix86+x86_64 1.2.13.16 16.00 342.00 358.00 OK
r-oldrel-osx-x86_64 1.0.15.2 OK

Check Details

Version: 1.2.13.16
Check: data for non-ASCII characters
Result: NOTE
     Note: found 1 marked Latin-1 string
Flavors: r-devel-linux-x86_64-fedora-clang, r-devel-linux-x86_64-fedora-gcc, r-patched-solaris-x86, r-release-osx-x86_64