CRAN Package Check Results for Package airGR

Last updated on 2019-08-19 21:46:46 CEST.

Flavor Version Tinstall Tcheck Ttotal Status Flags
r-devel-linux-x86_64-debian-clang 1.3.2.23 10.59 178.57 189.16 OK
r-devel-linux-x86_64-debian-gcc 1.3.2.23 9.22 134.97 144.19 OK
r-devel-linux-x86_64-fedora-clang 1.3.2.23 225.13 NOTE
r-devel-linux-x86_64-fedora-gcc 1.3.2.23 218.01 NOTE
r-devel-windows-ix86+x86_64 1.3.2.23 36.00 315.00 351.00 OK
r-patched-linux-x86_64 1.3.2.23 11.37 174.66 186.03 OK
r-patched-solaris-x86 1.3.2.23 380.90 NOTE
r-release-linux-x86_64 1.3.2.23 10.76 171.56 182.32 OK
r-release-windows-ix86+x86_64 1.3.2.23 25.00 237.00 262.00 OK
r-release-osx-x86_64 1.3.2.23 NOTE
r-oldrel-windows-ix86+x86_64 1.3.2.23 31.00 318.00 349.00 OK
r-oldrel-osx-x86_64 1.3.2.23 NOTE

Additional issues

LTO

Check Details

Version: 1.3.2.23
Check: data for non-ASCII characters
Result: NOTE
     Note: found 1 marked UTF-8 string
Flavors: r-devel-linux-x86_64-fedora-clang, r-devel-linux-x86_64-fedora-gcc, r-patched-solaris-x86, r-release-osx-x86_64, r-oldrel-osx-x86_64