Last updated on 2023-12-11 06:48:14 CET.
Flavor | Version | Tinstall | Tcheck | Ttotal | Status | Flags |
---|---|---|---|---|---|---|
r-devel-linux-x86_64-debian-clang | 1.0.2 | 5.76 | 59.18 | 64.94 | OK | |
r-devel-linux-x86_64-debian-gcc | 1.0.2 | 5.61 | 45.18 | 50.79 | OK | |
r-devel-linux-x86_64-fedora-clang | 1.0.2 | 83.03 | NOTE | |||
r-devel-linux-x86_64-fedora-gcc | 1.0.2 | 91.26 | OK | |||
r-devel-windows-x86_64 | 1.0.2 | 7.00 | 77.00 | 84.00 | OK | |
r-patched-linux-x86_64 | 1.0.2 | 9.43 | 57.63 | 67.06 | OK | |
r-release-linux-x86_64 | 1.0.2 | 7.05 | 56.97 | 64.02 | OK | |
r-release-macos-arm64 | 1.0.2 | 46.00 | OK | |||
r-release-macos-x86_64 | 1.0.2 | 85.00 | OK | |||
r-release-windows-x86_64 | 1.0.2 | 7.00 | 82.00 | 89.00 | OK | |
r-oldrel-macos-arm64 | 1.0.2 | 36.00 | OK | |||
r-oldrel-macos-x86_64 | 1.0.1 | 44.00 | OK | |||
r-oldrel-windows-x86_64 | 1.0.2 | 11.00 | 73.00 | 84.00 | OK |
Version: 1.0.2
Check: Rd cross-references
Result: NOTE
Undeclared package ‘era’ in Rd xrefs
Flavor: r-devel-linux-x86_64-fedora-clang