Last updated on 2023-05-30 20:58:40 CEST.
Flavor | Version | Tinstall | Tcheck | Ttotal | Status | Flags |
---|---|---|---|---|---|---|
r-devel-linux-x86_64-debian-clang | 0.1.0 | 84.46 | 161.79 | 246.25 | OK | |
r-devel-linux-x86_64-debian-gcc | 0.1.0 | 66.17 | 121.35 | 187.52 | OK | |
r-devel-linux-x86_64-fedora-clang | 0.1.0 | 322.24 | OK | |||
r-devel-linux-x86_64-fedora-gcc | 0.1.0 | 365.39 | OK | |||
r-devel-windows-x86_64 | 0.1.0 | 64.00 | 167.00 | 231.00 | OK | |
r-patched-linux-x86_64 | 0.1.0 | 67.47 | 154.77 | 222.24 | OK | |
r-release-linux-x86_64 | 0.1.0 | 59.53 | 155.17 | 214.70 | OK | |
r-release-macos-arm64 | 0.1.0 | 99.00 | NOTE | |||
r-release-macos-x86_64 | 0.1.0 | 134.00 | NOTE | |||
r-release-windows-x86_64 | 0.1.0 | 87.00 | 211.00 | 298.00 | OK | |
r-oldrel-macos-arm64 | 0.1.0 | 63.00 | NOTE | |||
r-oldrel-macos-x86_64 | 0.1.0 | 112.00 | NOTE | |||
r-oldrel-windows-x86_64 | 0.1.0 | 83.00 | 201.00 | 284.00 | OK |
Version: 0.1.0
Check: installed package size
Result: NOTE
installed size is 5.3Mb
sub-directories of 1Mb or more:
libs 4.1Mb
Flavors: r-release-macos-arm64, r-release-macos-x86_64, r-oldrel-macos-arm64, r-oldrel-macos-x86_64