CRAN Package Check Results for Package aidar

Last updated on 2019-03-23 13:48:50 CET.

Flavor Version Tinstall Tcheck Ttotal Status Flags
r-devel-linux-x86_64-debian-clang 1.0.5 2.66 61.13 63.79 OK
r-devel-linux-x86_64-debian-gcc 1.0.5 1.58 52.14 53.72 OK
r-devel-linux-x86_64-fedora-clang 1.0.5 78.07 OK
r-devel-linux-x86_64-fedora-gcc 1.0.5 75.53 OK
r-devel-windows-ix86+x86_64 1.0.5 8.00 97.00 105.00 OK
r-patched-linux-x86_64 1.0.5 1.63 65.77 67.40 OK
r-patched-solaris-x86 1.0.5 117.90 OK
r-release-linux-x86_64 1.0.5 0.32 2.02 2.34 ERROR
r-release-windows-ix86+x86_64 1.0.5 4.00 81.00 85.00 OK
r-release-osx-x86_64 1.0.5 OK
r-oldrel-windows-ix86+x86_64 1.0.5 4.00 95.00 99.00 OK
r-oldrel-osx-x86_64 1.0.5 OK

Check Details

Version: 1.0.5
Check: whether package can be installed
Result: ERROR
    Installation failed.
Flavor: r-release-linux-x86_64