Last updated on 2023-10-01 03:54:31 CEST.
Flavor | Version | Tinstall | Tcheck | Ttotal | Status | Flags |
---|---|---|---|---|---|---|
r-devel-linux-x86_64-debian-clang | 1.2.1 | 5.58 | 35.77 | 41.35 | NOTE | |
r-devel-linux-x86_64-debian-gcc | 1.2.1 | 3.82 | 27.76 | 31.58 | NOTE | |
r-devel-linux-x86_64-fedora-clang | 1.2.1 | 50.26 | NOTE | |||
r-devel-linux-x86_64-fedora-gcc | 1.2.1 | 50.74 | NOTE | |||
r-devel-windows-x86_64 | 1.2.1 | 8.00 | 58.00 | 66.00 | OK | |
r-patched-linux-x86_64 | 1.2.1 | 6.33 | 35.85 | 42.18 | NOTE | |
r-release-linux-x86_64 | 1.2.1 | 4.82 | 35.75 | 40.57 | NOTE | |
r-release-macos-arm64 | 1.2.1 | 23.00 | OK | |||
r-release-macos-x86_64 | 1.2.1 | 29.00 | OK | |||
r-release-windows-x86_64 | 1.2.1 | 7.00 | 67.00 | 74.00 | OK | |
r-oldrel-macos-arm64 | 1.2.1 | 26.00 | OK | |||
r-oldrel-macos-x86_64 | 1.2.1 | 31.00 | OK | |||
r-oldrel-windows-x86_64 | 1.2.1 | 20.00 | 60.00 | 80.00 | OK |
Version: 1.2.1
Check: for non-standard things in the check directory
Result: NOTE
Found the following files/directories:
‘stuve.pdf’
Flavors: r-devel-linux-x86_64-debian-clang, r-devel-linux-x86_64-debian-gcc, r-devel-linux-x86_64-fedora-clang, r-devel-linux-x86_64-fedora-gcc, r-patched-linux-x86_64, r-release-linux-x86_64