CRAN Package Check Results for Package ahpsurvey

Last updated on 2023-09-21 19:53:34 CEST.

Flavor Version Tinstall Tcheck Ttotal Status Flags
r-devel-linux-x86_64-debian-clang 0.4.1 5.77 64.26 70.03 OK
r-devel-linux-x86_64-debian-gcc 0.4.1 4.06 46.93 50.99 OK
r-devel-linux-x86_64-fedora-clang 0.4.1 82.02 NOTE
r-devel-linux-x86_64-fedora-gcc 0.4.1 148.66 NOTE
r-devel-windows-x86_64 0.4.1 6.00 67.00 73.00 OK
r-patched-linux-x86_64 0.4.1 5.44 59.87 65.31 OK
r-release-linux-x86_64 0.4.1 5.26 60.34 65.60 OK
r-release-macos-arm64 0.4.1 48.00 OK
r-release-macos-x86_64 0.4.1 87.00 OK
r-release-windows-x86_64 0.4.1 8.00 74.00 82.00 OK
r-oldrel-macos-arm64 0.4.1 41.00 NOTE
r-oldrel-macos-x86_64 0.4.1 70.00 NOTE
r-oldrel-windows-x86_64 0.4.1 8.00 74.00 82.00 OK

Check Details

Version: 0.4.1
Check: dependencies in R code
Result: NOTE
    Namespaces in Imports field not imported from:
     ‘knitr’ ‘randomNames’ ‘tidyr’
     All declared Imports should be used.
Flavors: r-devel-linux-x86_64-fedora-clang, r-devel-linux-x86_64-fedora-gcc, r-oldrel-macos-arm64, r-oldrel-macos-x86_64