Last updated on 2023-12-11 05:51:43 CET.
Flavor | Version | Tinstall | Tcheck | Ttotal | Status | Flags |
---|---|---|---|---|---|---|
r-devel-linux-x86_64-debian-clang | 1.15 | 12.21 | 79.35 | 91.56 | OK | |
r-devel-linux-x86_64-debian-gcc | 1.15 | 8.35 | 60.75 | 69.10 | OK | |
r-devel-linux-x86_64-fedora-clang | 1.15 | 112.49 | NOTE | |||
r-devel-linux-x86_64-fedora-gcc | 1.15 | 108.12 | NOTE | |||
r-devel-windows-x86_64 | 1.15 | 11.00 | 82.00 | 93.00 | OK | |
r-patched-linux-x86_64 | 1.15 | 8.71 | 80.18 | 88.89 | OK | |
r-release-linux-x86_64 | 1.15 | 8.46 | 80.71 | 89.17 | OK | |
r-release-macos-arm64 | 1.15 | 40.00 | OK | |||
r-release-macos-x86_64 | 1.15 | 62.00 | OK | |||
r-release-windows-x86_64 | 1.15 | 14.00 | 98.00 | 112.00 | OK | |
r-oldrel-macos-arm64 | 1.15 | 40.00 | OK | |||
r-oldrel-macos-x86_64 | 1.15 | 54.00 | OK | |||
r-oldrel-windows-x86_64 | 1.15 | 13.00 | 101.00 | 114.00 | OK |
Version: 1.15
Check: compiled code
Result: NOTE
File ‘ahaz/libs/ahaz.so’:
Found no calls to: ‘R_registerRoutines’, ‘R_useDynamicSymbols’
It is good practice to register native routines and to disable symbol
search.
See ‘Writing portable packages’ in the ‘Writing R Extensions’ manual.
Flavors: r-devel-linux-x86_64-fedora-clang, r-devel-linux-x86_64-fedora-gcc