CRAN Package Check Results for Package ahMLE

Last updated on 2024-05-23 15:59:38 CEST.

Flavor Version Tinstall Tcheck Ttotal Status Flags
r-devel-linux-x86_64-debian-clang 1.20.1 38.78 80.60 119.38 NOTE
r-devel-linux-x86_64-debian-gcc 1.20.1 26.65 59.11 85.76 NOTE
r-devel-linux-x86_64-fedora-clang 1.20.1 160.38 NOTE
r-devel-linux-x86_64-fedora-gcc 1.20.1 169.25 NOTE
r-devel-windows-x86_64 1.20.1 33.00 89.00 122.00 NOTE
r-patched-linux-x86_64 1.20.1 25.82 76.77 102.59 NOTE
r-release-linux-x86_64 1.20.1 28.44 76.00 104.44 NOTE
r-release-macos-arm64 1.20.1 48.00 NOTE
r-release-windows-x86_64 1.20.1 31.00 90.00 121.00 NOTE
r-oldrel-macos-arm64 1.20.1 44.00 NOTE
r-oldrel-macos-x86_64 1.20.1 69.00 NOTE
r-oldrel-windows-x86_64 1.20.1 40.00 111.00 151.00 NOTE

Check Details

Version: 1.20.1
Check: C++ specification
Result: NOTE Specified C++11: please drop specification unless essential Flavors: r-devel-linux-x86_64-debian-clang, r-devel-linux-x86_64-debian-gcc, r-devel-linux-x86_64-fedora-clang, r-devel-linux-x86_64-fedora-gcc, r-devel-windows-x86_64, r-patched-linux-x86_64, r-release-linux-x86_64, r-release-macos-arm64, r-release-windows-x86_64, r-oldrel-macos-arm64, r-oldrel-macos-x86_64, r-oldrel-windows-x86_64