CRAN Package Check Results for Package agtboost

Last updated on 2023-09-27 02:00:35 CEST.

Flavor Version Tinstall Tcheck Ttotal Status Flags
r-devel-linux-x86_64-debian-clang 0.9.3 40.16 46.76 86.92 NOTE
r-devel-linux-x86_64-debian-gcc 0.9.3 29.95 35.85 65.80 NOTE
r-devel-linux-x86_64-fedora-clang 0.9.3 118.20 NOTE
r-devel-linux-x86_64-fedora-gcc 0.9.3 125.30 NOTE
r-devel-windows-x86_64 0.9.3 34.00 77.00 111.00 NOTE
r-patched-linux-x86_64 0.9.3 38.48 46.43 84.91 NOTE
r-release-linux-x86_64 0.9.3 40.90 46.31 87.21 NOTE
r-release-macos-arm64 0.9.3 39.00 NOTE
r-release-macos-x86_64 0.9.3 59.00 NOTE
r-release-windows-x86_64 0.9.3 42.00 89.00 131.00 NOTE
r-oldrel-macos-arm64 0.9.3 35.00 NOTE
r-oldrel-macos-x86_64 0.9.3 49.00 NOTE
r-oldrel-windows-x86_64 0.9.3 42.00 85.00 127.00 OK

Check Details

Version: 0.9.3
Check: C++ specification
Result: NOTE
     Specified C++11: please drop specification unless essential
Flavors: r-devel-linux-x86_64-debian-clang, r-devel-linux-x86_64-debian-gcc, r-devel-linux-x86_64-fedora-clang, r-devel-linux-x86_64-fedora-gcc, r-devel-windows-x86_64, r-patched-linux-x86_64, r-release-linux-x86_64, r-release-macos-arm64, r-release-macos-x86_64, r-release-windows-x86_64

Version: 0.9.3
Check: installed package size
Result: NOTE
     installed size is 9.3Mb
     sub-directories of 1Mb or more:
     libs 8.8Mb
Flavors: r-release-macos-arm64, r-release-macos-x86_64, r-oldrel-macos-arm64, r-oldrel-macos-x86_64