Last updated on 2023-10-04 14:03:42 CEST.
Flavor | Version | Tinstall | Tcheck | Ttotal | Status | Flags |
---|---|---|---|---|---|---|
r-devel-linux-x86_64-debian-clang | 4.3.1.1 | 100.69 | 112.92 | 213.61 | OK | |
r-devel-linux-x86_64-debian-gcc | 4.3.1.1 | 61.67 | 85.69 | 147.36 | OK | |
r-devel-linux-x86_64-fedora-clang | 4.3.1.1 | 284.83 | OK | |||
r-devel-linux-x86_64-fedora-gcc | 4.3.1.1 | 251.82 | OK | |||
r-devel-windows-x86_64 | 4.3.1.1 | 54.00 | 134.00 | 188.00 | OK | |
r-patched-linux-x86_64 | 4.3.1.1 | 70.65 | 107.40 | 178.05 | OK | |
r-release-linux-x86_64 | 4.3.1.1 | 67.92 | 110.14 | 178.06 | OK | |
r-release-macos-arm64 | 4.3.1.1 | 67.00 | NOTE | |||
r-release-macos-x86_64 | 4.3.1.1 | 171.00 | NOTE | |||
r-release-windows-x86_64 | 4.3.1.1 | 72.00 | 150.00 | 222.00 | OK | |
r-oldrel-macos-arm64 | 4.3.1.1 | 68.00 | NOTE | |||
r-oldrel-macos-x86_64 | 4.3.1.1 | 103.00 | NOTE | |||
r-oldrel-windows-x86_64 | 4.3.1.1 | 66.00 | 140.00 | 206.00 | OK |
Version: 4.3.1.1
Check: installed package size
Result: NOTE
installed size is 7.9Mb
sub-directories of 1Mb or more:
libs 7.7Mb
Flavors: r-release-macos-arm64, r-release-macos-x86_64, r-oldrel-macos-arm64, r-oldrel-macos-x86_64