CRAN Package Check Results for Package afttest

Last updated on 2022-12-02 04:59:58 CET.

Flavor Version Tinstall Tcheck Ttotal Status Flags
r-devel-linux-x86_64-debian-clang 4.2.1.1 116.20 110.29 226.49 OK
r-devel-linux-x86_64-debian-gcc 4.2.1.1 62.72 80.07 142.79 OK
r-devel-linux-x86_64-fedora-clang 4.2.1.1 267.81 OK
r-devel-linux-x86_64-fedora-gcc 4.2.1.1 238.49 OK
r-devel-windows-x86_64 4.2.1.1 55.00 148.00 203.00 OK
r-patched-linux-x86_64 4.2.1.1 64.97 101.04 166.01 OK
r-release-linux-x86_64 4.2.1.1 63.33 100.69 164.02 OK
r-release-macos-arm64 4.2.1.1 63.00 NOTE
r-release-macos-x86_64 4.2.1.1 85.00 NOTE
r-release-windows-x86_64 4.2.1.1 59.00 155.00 214.00 OK
r-oldrel-macos-arm64 4.2.1.1 64.00 NOTE
r-oldrel-macos-x86_64 4.2.1.1 88.00 NOTE
r-oldrel-windows-ix86+x86_64 4.2.1.1 158.00 172.00 330.00 OK

Check Details

Version: 4.2.1.1
Check: installed package size
Result: NOTE
     installed size is 8.1Mb
     sub-directories of 1Mb or more:
     libs 8.0Mb
Flavors: r-release-macos-arm64, r-release-macos-x86_64, r-oldrel-macos-arm64, r-oldrel-macos-x86_64