Last updated on 2023-12-11 05:51:43 CET.
Flavor | Version | Tinstall | Tcheck | Ttotal | Status | Flags |
---|---|---|---|---|---|---|
r-devel-linux-x86_64-debian-clang | 1.2.0 | 115.18 | 117.48 | 232.66 | OK | |
r-devel-linux-x86_64-debian-gcc | 1.2.0 | 74.38 | 84.43 | 158.81 | OK | |
r-devel-linux-x86_64-fedora-clang | 1.2.0 | 312.52 | OK | |||
r-devel-linux-x86_64-fedora-gcc | 1.2.0 | 301.43 | OK | |||
r-devel-windows-x86_64 | 1.2.0 | 84.00 | 113.00 | 197.00 | OK | |
r-patched-linux-x86_64 | 1.2.0 | 69.98 | 110.03 | 180.01 | OK | |
r-release-linux-x86_64 | 1.2.0 | 72.51 | 109.47 | 181.98 | OK | |
r-release-macos-arm64 | 1.2.0 | 68.00 | NOTE | |||
r-release-macos-x86_64 | 1.2.0 | 115.00 | NOTE | |||
r-release-windows-x86_64 | 1.2.0 | 109.00 | 136.00 | 245.00 | OK | |
r-oldrel-macos-arm64 | 1.2.0 | 72.00 | NOTE | |||
r-oldrel-macos-x86_64 | 1.2.0 | 104.00 | NOTE | |||
r-oldrel-windows-x86_64 | 1.2.0 | 109.00 | 130.00 | 239.00 | OK |
Version: 1.2.0
Check: installed package size
Result: NOTE
installed size is 5.7Mb
sub-directories of 1Mb or more:
libs 5.3Mb
Flavors: r-release-macos-arm64, r-release-macos-x86_64, r-oldrel-macos-arm64, r-oldrel-macos-x86_64