Last updated on 2023-10-01 01:53:10 CEST.
Flavor | Version | Tinstall | Tcheck | Ttotal | Status | Flags |
---|---|---|---|---|---|---|
r-devel-linux-x86_64-debian-clang | 0.2.3 | 5.16 | 50.86 | 56.02 | OK | |
r-devel-linux-x86_64-debian-gcc | 0.2.3 | 3.09 | 36.92 | 40.01 | OK | |
r-devel-linux-x86_64-fedora-clang | 0.2.3 | 68.87 | NOTE | |||
r-devel-linux-x86_64-fedora-gcc | 0.2.3 | 62.39 | NOTE | |||
r-devel-windows-x86_64 | 0.2.3 | 5.00 | 61.00 | 66.00 | OK | |
r-patched-linux-x86_64 | 0.2.3 | 4.26 | 46.93 | 51.19 | OK | |
r-release-linux-x86_64 | 0.2.3 | 4.79 | 48.66 | 53.45 | OK | |
r-release-macos-arm64 | 0.2.3 | 35.00 | OK | |||
r-release-macos-x86_64 | 0.2.3 | 42.00 | OK | |||
r-release-windows-x86_64 | 0.2.3 | 7.00 | 66.00 | 73.00 | OK | |
r-oldrel-macos-arm64 | 0.2.3 | 37.00 | OK | |||
r-oldrel-macos-x86_64 | 0.2.3 | 41.00 | OK | |||
r-oldrel-windows-x86_64 | 0.2.3 | 8.00 | 67.00 | 75.00 | OK |
Version: 0.2.3
Check: data for non-ASCII characters
Result: NOTE
Note: found 11 marked UTF-8 strings
Flavors: r-devel-linux-x86_64-fedora-clang, r-devel-linux-x86_64-fedora-gcc