Last updated on 2023-12-11 05:51:43 CET.
Flavor | Version | Tinstall | Tcheck | Ttotal | Status | Flags |
---|---|---|---|---|---|---|
r-devel-linux-x86_64-debian-clang | 0.1.0 | 3.26 | 44.14 | 47.40 | NOTE | |
r-devel-linux-x86_64-debian-gcc | 0.1.0 | 3.26 | 35.74 | 39.00 | NOTE | |
r-devel-linux-x86_64-fedora-clang | 0.1.0 | 60.94 | NOTE | |||
r-devel-linux-x86_64-fedora-gcc | 0.1.0 | 63.00 | NOTE | |||
r-devel-windows-x86_64 | 0.1.0 | 5.00 | 60.00 | 65.00 | NOTE | |
r-patched-linux-x86_64 | 0.1.0 | 4.41 | 44.32 | 48.73 | NOTE | |
r-release-linux-x86_64 | 0.1.0 | 2.53 | 43.41 | 45.94 | NOTE | |
r-release-macos-arm64 | 0.1.0 | 26.00 | NOTE | |||
r-release-macos-x86_64 | 0.1.0 | 40.00 | NOTE | |||
r-release-windows-x86_64 | 0.1.0 | 6.00 | 62.00 | 68.00 | NOTE | |
r-oldrel-macos-arm64 | 0.1.0 | 23.00 | NOTE | |||
r-oldrel-macos-x86_64 | 0.1.0 | 40.00 | NOTE | |||
r-oldrel-windows-x86_64 | 0.1.0 | 6.00 | 64.00 | 70.00 | NOTE |
Version: 0.1.0
Check: Rd files
Result: NOTE
checkRd: (-1) estimate.affinity.matrix.Rd:31: Lost braces; missing escapes or markup?
31 | than \code{Y}, then those variables that appear in \code{X} but no in {Y}
| ^
checkRd: (-1) estimate.affinity.matrix.lowrank.Rd:36: Lost braces; missing escapes or markup?
36 | \code{Y}, then those variables that appear in \code{X} but no in {Y} should
| ^
checkRd: (-1) show.correlations.Rd:47: Lost braces
47 | code{ndims} dimensions. Defaults to all dimensions unless the latter are
| ^
Flavors: r-devel-linux-x86_64-debian-clang, r-devel-linux-x86_64-debian-gcc
Version: 0.1.0
Check: LazyData
Result: NOTE
'LazyData' is specified without a 'data' directory
Flavors: r-devel-linux-x86_64-debian-clang, r-devel-linux-x86_64-debian-gcc, r-devel-linux-x86_64-fedora-clang, r-devel-linux-x86_64-fedora-gcc, r-devel-windows-x86_64, r-patched-linux-x86_64, r-release-linux-x86_64, r-release-macos-arm64, r-release-macos-x86_64, r-release-windows-x86_64, r-oldrel-macos-arm64, r-oldrel-macos-x86_64, r-oldrel-windows-x86_64