Last updated on 2023-09-27 04:10:24 CEST.
Flavor | Version | Tinstall | Tcheck | Ttotal | Status | Flags |
---|---|---|---|---|---|---|
r-devel-linux-x86_64-debian-clang | 1.1.1 | 6.04 | 73.64 | 79.68 | NOTE | |
r-devel-linux-x86_64-debian-gcc | 1.1.1 | 4.84 | 55.06 | 59.90 | NOTE | |
r-devel-linux-x86_64-fedora-clang | 1.1.1 | 96.06 | NOTE | |||
r-devel-linux-x86_64-fedora-gcc | 1.1.1 | 110.15 | NOTE | |||
r-devel-windows-x86_64 | 1.1.1 | 7.00 | 83.00 | 90.00 | NOTE | |
r-patched-linux-x86_64 | 1.1.1 | 5.97 | 69.37 | 75.34 | NOTE | |
r-release-linux-x86_64 | 1.1.1 | 5.28 | 70.36 | 75.64 | NOTE | |
r-release-macos-arm64 | 1.1.1 | 41.00 | NOTE | |||
r-release-macos-x86_64 | 1.1.1 | 63.00 | NOTE | |||
r-release-windows-x86_64 | 1.1.1 | 9.00 | 90.00 | 99.00 | NOTE | |
r-oldrel-macos-arm64 | 1.1.1 | 34.00 | OK | |||
r-oldrel-macos-x86_64 | 1.1.1 | 66.00 | NOTE | |||
r-oldrel-windows-x86_64 | 1.1.1 | 9.00 | 93.00 | 102.00 | OK |
Version: 1.1.1
Check: package subdirectories
Result: NOTE
Problems with news in ‘NEWS.md’:
No news entries found.
Flavors: r-devel-linux-x86_64-debian-clang, r-devel-linux-x86_64-debian-gcc, r-devel-linux-x86_64-fedora-clang, r-devel-linux-x86_64-fedora-gcc, r-devel-windows-x86_64, r-patched-linux-x86_64, r-release-linux-x86_64, r-release-macos-arm64, r-release-macos-x86_64, r-release-windows-x86_64
Version: 1.1.1
Check: package dependencies
Result: NOTE
Package suggested but not available for checking: ‘rjags’
Flavor: r-oldrel-macos-x86_64