CRAN Package Check Results for Package adsDataHubR

Last updated on 2023-10-01 03:54:31 CEST.

Flavor Version Tinstall Tcheck Ttotal Status Flags
r-devel-linux-x86_64-debian-clang 0.1.1 3.59 31.36 34.95 NOTE
r-devel-linux-x86_64-debian-gcc 0.1.1 2.26 24.33 26.59 NOTE
r-devel-linux-x86_64-fedora-clang 0.1.1 42.43 NOTE
r-devel-linux-x86_64-fedora-gcc 0.1.1 43.45 NOTE
r-devel-windows-x86_64 0.1.1 4.00 46.00 50.00 NOTE
r-patched-linux-x86_64 0.1.1 3.83 30.67 34.50 NOTE
r-release-linux-x86_64 0.1.1 3.45 30.85 34.30 NOTE
r-release-macos-arm64 0.1.1 18.00 NOTE
r-release-macos-x86_64 0.1.1 25.00 NOTE
r-release-windows-x86_64 0.1.1 4.00 49.00 53.00 NOTE
r-oldrel-macos-arm64 0.1.1 18.00 NOTE
r-oldrel-macos-x86_64 0.1.1 25.00 NOTE
r-oldrel-windows-x86_64 0.1.1 6.00 148.00 154.00 NOTE

Check Details

Version: 0.1.1
Check: LazyData
Result: NOTE
     'LazyData' is specified without a 'data' directory
Flavors: r-devel-linux-x86_64-debian-clang, r-devel-linux-x86_64-debian-gcc, r-devel-linux-x86_64-fedora-clang, r-devel-linux-x86_64-fedora-gcc, r-devel-windows-x86_64, r-patched-linux-x86_64, r-release-linux-x86_64, r-release-macos-arm64, r-release-macos-x86_64, r-release-windows-x86_64, r-oldrel-macos-arm64, r-oldrel-macos-x86_64, r-oldrel-windows-x86_64