CRAN Package Check Results for Package adsDataHubR

Last updated on 2024-07-14 09:51:06 CEST.

Flavor Version Tinstall Tcheck Ttotal Status Flags
r-devel-linux-x86_64-debian-clang 0.1.1 3.29 32.31 35.60 NOTE
r-devel-linux-x86_64-debian-gcc 0.1.1 2.53 24.67 27.20 NOTE
r-devel-linux-x86_64-fedora-clang 0.1.1 44.42 NOTE
r-devel-linux-x86_64-fedora-gcc 0.1.1 41.74 NOTE
r-devel-windows-x86_64 0.1.1 5.00 46.00 51.00 NOTE
r-patched-linux-x86_64 0.1.1 3.39 30.85 34.24 NOTE
r-release-linux-x86_64 0.1.1 3.27 30.31 33.58 NOTE
r-release-macos-arm64 0.1.1 18.00 NOTE
r-release-macos-x86_64 0.1.1 31.00 NOTE
r-release-windows-x86_64 0.1.1 4.00 46.00 50.00 NOTE
r-oldrel-macos-arm64 0.1.1 18.00 NOTE
r-oldrel-macos-x86_64 0.1.1 25.00 NOTE
r-oldrel-windows-x86_64 0.1.1 5.00 48.00 53.00 NOTE

Check Details

Version: 0.1.1
Check: LazyData
Result: NOTE 'LazyData' is specified without a 'data' directory Flavors: r-devel-linux-x86_64-debian-clang, r-devel-linux-x86_64-debian-gcc, r-devel-linux-x86_64-fedora-clang, r-devel-linux-x86_64-fedora-gcc, r-devel-windows-x86_64, r-patched-linux-x86_64, r-release-linux-x86_64, r-release-macos-arm64, r-release-macos-x86_64, r-release-windows-x86_64, r-oldrel-macos-arm64, r-oldrel-macos-x86_64, r-oldrel-windows-x86_64