CRAN Package Check Results for Package adobeanalyticsr

Last updated on 2023-05-28 01:53:51 CEST.

Flavor Version Tinstall Tcheck Ttotal Status Flags
r-devel-linux-x86_64-debian-clang 0.3.3 10.06 69.06 79.12 OK
r-devel-linux-x86_64-debian-gcc 0.3.3 8.12 51.52 59.64 OK
r-devel-linux-x86_64-fedora-clang 0.3.3 95.85 NOTE
r-devel-linux-x86_64-fedora-gcc 0.3.3 114.97 NOTE
r-devel-windows-x86_64 0.3.3 10.00 73.00 83.00 OK
r-patched-linux-x86_64 0.3.3 8.44 63.27 71.71 OK
r-release-linux-x86_64 0.3.3 9.64 64.01 73.65 OK
r-release-macos-arm64 0.3.3 40.00 OK
r-release-macos-x86_64 0.3.3 58.00 OK
r-release-windows-x86_64 0.3.3 12.00 83.00 95.00 OK
r-oldrel-macos-arm64 0.3.3 35.00 NOTE
r-oldrel-macos-x86_64 0.3.3 48.00 NOTE
r-oldrel-windows-x86_64 0.3.3 12.00 83.00 95.00 OK

Check Details

Version: 0.3.3
Check: dependencies in R code
Result: NOTE
    Namespace in Imports field not imported from: ‘tibble’
     All declared Imports should be used.
Flavors: r-devel-linux-x86_64-fedora-clang, r-devel-linux-x86_64-fedora-gcc, r-oldrel-macos-arm64, r-oldrel-macos-x86_64