Last updated on 2023-01-28 17:51:04 CET.
Flavor | Version | Tinstall | Tcheck | Ttotal | Status | Flags |
---|---|---|---|---|---|---|
r-devel-linux-x86_64-debian-clang | 0.3.3 | 9.99 | 74.76 | 84.75 | OK | |
r-devel-linux-x86_64-debian-gcc | 0.3.3 | 6.65 | 54.64 | 61.29 | OK | |
r-devel-linux-x86_64-fedora-clang | 0.3.3 | 107.43 | NOTE | |||
r-devel-linux-x86_64-fedora-gcc | 0.3.3 | 116.89 | NOTE | |||
r-devel-windows-x86_64 | 0.3.3 | 74.00 | 102.00 | 176.00 | OK | |
r-patched-linux-x86_64 | 0.3.3 | 8.75 | 70.36 | 79.11 | OK | |
r-release-linux-x86_64 | 0.3.3 | 9.11 | 70.98 | 80.09 | OK | |
r-release-macos-arm64 | 0.3.3 | 35.00 | NOTE | |||
r-release-macos-x86_64 | 0.3.3 | 48.00 | NOTE | |||
r-release-windows-x86_64 | 0.3.3 | 97.00 | 103.00 | 200.00 | OK | |
r-oldrel-macos-arm64 | 0.3.3 | 39.00 | NOTE | |||
r-oldrel-macos-x86_64 | 0.3.3 | 48.00 | NOTE | |||
r-oldrel-windows-ix86+x86_64 | 0.3.3 | 22.00 | 99.00 | 121.00 | OK |
Version: 0.3.3
Check: dependencies in R code
Result: NOTE
Namespace in Imports field not imported from: ‘tibble’
All declared Imports should be used.
Flavors: r-devel-linux-x86_64-fedora-clang, r-devel-linux-x86_64-fedora-gcc, r-release-macos-arm64, r-release-macos-x86_64, r-oldrel-macos-arm64, r-oldrel-macos-x86_64