Last updated on 2023-12-10 22:55:50 CET.
Flavor | Version | Tinstall | Tcheck | Ttotal | Status | Flags |
---|---|---|---|---|---|---|
r-devel-linux-x86_64-debian-clang | 0.4.0 | 10.33 | 80.26 | 90.59 | OK | |
r-devel-linux-x86_64-debian-gcc | 0.4.0 | 8.37 | 59.85 | 68.22 | OK | |
r-devel-linux-x86_64-fedora-clang | 0.4.0 | 112.86 | NOTE | |||
r-devel-linux-x86_64-fedora-gcc | 0.4.0 | 124.23 | OK | |||
r-devel-windows-x86_64 | 0.4.0 | 11.00 | 88.00 | 99.00 | OK | |
r-patched-linux-x86_64 | 0.4.0 | 10.65 | 75.64 | 86.29 | OK | |
r-release-linux-x86_64 | 0.4.0 | 8.31 | 75.18 | 83.49 | OK | |
r-release-macos-arm64 | 0.4.0 | 43.00 | OK | |||
r-release-macos-x86_64 | 0.4.0 | 102.00 | OK | |||
r-release-windows-x86_64 | 0.4.0 | 14.00 | 95.00 | 109.00 | OK | |
r-oldrel-macos-arm64 | 0.4.0 | 41.00 | OK | |||
r-oldrel-macos-x86_64 | 0.3.3 | 48.00 | NOTE | |||
r-oldrel-windows-x86_64 | 0.4.0 | 13.00 | 90.00 | 103.00 | OK |
Version: 0.4.0
Check: Rd cross-references
Result: NOTE
Undeclared package ‘tibble’ in Rd xrefs
Flavor: r-devel-linux-x86_64-fedora-clang
Version: 0.3.3
Check: dependencies in R code
Result: NOTE
Namespace in Imports field not imported from: ‘tibble’
All declared Imports should be used.
Flavor: r-oldrel-macos-x86_64