CRAN Package Check Results for Package adklakedata

Last updated on 2023-10-01 01:53:10 CEST.

Flavor Version Tinstall Tcheck Ttotal Status Flags
r-devel-linux-x86_64-debian-clang 0.6.1 1.63 26.85 28.48 NOTE
r-devel-linux-x86_64-debian-gcc 0.6.1 1.54 21.07 22.61 NOTE
r-devel-linux-x86_64-fedora-clang 0.6.1 35.75 NOTE
r-devel-linux-x86_64-fedora-gcc 0.6.1 35.87 NOTE
r-devel-windows-x86_64 0.6.1 4.00 44.00 48.00 NOTE
r-patched-linux-x86_64 0.6.1 2.53 26.02 28.55 NOTE
r-release-linux-x86_64 0.6.1 1.93 26.36 28.29 NOTE
r-release-macos-arm64 0.6.1 17.00 NOTE
r-release-macos-x86_64 0.6.1 22.00 NOTE
r-release-windows-x86_64 0.6.1 6.00 45.00 51.00 NOTE
r-oldrel-macos-arm64 0.6.1 17.00 NOTE
r-oldrel-macos-x86_64 0.6.1 23.00 NOTE
r-oldrel-windows-x86_64 0.6.1 5.00 48.00 53.00 NOTE

Check Details

Version: 0.6.1
Check: LazyData
Result: NOTE
     'LazyData' is specified without a 'data' directory
Flavors: r-devel-linux-x86_64-debian-clang, r-devel-linux-x86_64-debian-gcc, r-devel-linux-x86_64-fedora-clang, r-devel-linux-x86_64-fedora-gcc, r-devel-windows-x86_64, r-patched-linux-x86_64, r-release-linux-x86_64, r-release-macos-arm64, r-release-macos-x86_64, r-release-windows-x86_64, r-oldrel-macos-arm64, r-oldrel-macos-x86_64, r-oldrel-windows-x86_64