CRAN Package Check Results for Package adjustedcranlogs

Last updated on 2023-09-21 19:53:33 CEST.

Flavor Version Tinstall Tcheck Ttotal Status Flags
r-devel-linux-x86_64-debian-clang 0.1.0 5.67 41.76 47.43 NOTE
r-devel-linux-x86_64-debian-gcc 0.1.0 4.44 31.07 35.51 NOTE
r-devel-linux-x86_64-fedora-clang 0.1.0 56.61 NOTE
r-devel-linux-x86_64-fedora-gcc 0.1.0 57.02 NOTE
r-devel-windows-x86_64 0.1.0 6.00 51.00 57.00 NOTE
r-patched-linux-x86_64 0.1.0 4.28 38.50 42.78 NOTE
r-release-linux-x86_64 0.1.0 5.36 38.88 44.24 NOTE
r-release-macos-arm64 0.1.0 25.00 NOTE
r-release-macos-x86_64 0.1.0 31.00 NOTE
r-release-windows-x86_64 0.1.0 7.00 54.00 61.00 NOTE
r-oldrel-macos-arm64 0.1.0 22.00 NOTE
r-oldrel-macos-x86_64 0.1.0 31.00 NOTE
r-oldrel-windows-x86_64 0.1.0 9.00 58.00 67.00 NOTE

Check Details

Version: 0.1.0
Check: LazyData
Result: NOTE
     'LazyData' is specified without a 'data' directory
Flavors: r-devel-linux-x86_64-debian-clang, r-devel-linux-x86_64-debian-gcc, r-devel-linux-x86_64-fedora-clang, r-devel-linux-x86_64-fedora-gcc, r-devel-windows-x86_64, r-patched-linux-x86_64, r-release-linux-x86_64, r-release-macos-arm64, r-release-macos-x86_64, r-release-windows-x86_64, r-oldrel-macos-arm64, r-oldrel-macos-x86_64, r-oldrel-windows-x86_64