Last updated on 2023-10-01 03:54:31 CEST.
Flavor | Version | Tinstall | Tcheck | Ttotal | Status | Flags |
---|---|---|---|---|---|---|
r-devel-linux-x86_64-debian-clang | 0.10.1 | 10.95 | 486.90 | 497.85 | OK | |
r-devel-linux-x86_64-debian-gcc | 0.10.1 | 10.50 | 358.53 | 369.03 | OK | |
r-devel-linux-x86_64-fedora-clang | 0.10.1 | 587.81 | NOTE | |||
r-devel-linux-x86_64-fedora-gcc | 0.10.1 | 661.08 | OK | |||
r-devel-windows-x86_64 | 0.10.1 | 11.00 | 398.00 | 409.00 | OK | |
r-patched-linux-x86_64 | 0.10.1 | 13.71 | 468.41 | 482.12 | OK | |
r-release-linux-x86_64 | 0.10.1 | 10.71 | 458.95 | 469.66 | OK | |
r-release-macos-arm64 | 0.10.1 | 172.00 | OK | |||
r-release-macos-x86_64 | 0.10.1 | 437.00 | OK | |||
r-release-windows-x86_64 | 0.10.1 | 15.00 | 523.00 | 538.00 | OK | |
r-oldrel-macos-arm64 | 0.10.1 | 170.00 | OK | |||
r-oldrel-macos-x86_64 | 0.10.1 | 228.00 | OK | |||
r-oldrel-windows-x86_64 | 0.10.1 | 15.00 | 521.00 | 536.00 | OK |
Version: 0.10.1
Check: Rd cross-references
Result: NOTE
Undeclared packages ‘timereg’, ‘rms’, ‘ranger’ in Rd xrefs
Flavor: r-devel-linux-x86_64-fedora-clang