CRAN Package Check Results for Package adestr

Last updated on 2024-03-03 19:56:15 CET.

Flavor Version Tinstall Tcheck Ttotal Status Flags
r-devel-linux-x86_64-debian-clang 0.5.0 26.93 377.90 404.83 OK
r-devel-linux-x86_64-debian-gcc 0.5.0 21.72 283.09 304.81 OK
r-devel-linux-x86_64-fedora-clang 0.5.0 502.87 NOTE
r-devel-linux-x86_64-fedora-gcc 0.5.0 506.67 OK
r-devel-windows-x86_64 0.5.0 25.00 392.00 417.00 OK
r-patched-linux-x86_64 0.5.0 35.30 381.68 416.98 OK
r-release-linux-x86_64 0.5.0 20.84 381.84 402.68 OK
r-release-macos-arm64 0.5.0 127.00 OK
r-release-macos-x86_64 0.5.0 172.00 OK
r-release-windows-x86_64 0.5.0 38.00 440.00 478.00 OK
r-oldrel-macos-arm64 0.5.0 135.00 OK
r-oldrel-windows-x86_64 0.5.0 36.00 435.00 471.00 OK

Check Details

Version: 0.5.0
Check: Rd cross-references
Result: NOTE Undeclared package ‘future’ in Rd xrefs Flavor: r-devel-linux-x86_64-fedora-clang