CRAN Package Check Results for Package adeptdata

Last updated on 2020-06-01 06:48:16 CEST.

Flavor Version Tinstall Tcheck Ttotal Status Flags
r-devel-linux-x86_64-debian-clang 1.0.1 18.44 30.25 48.69 OK
r-devel-linux-x86_64-debian-gcc 1.0.1 16.80 24.82 41.62 OK
r-devel-linux-x86_64-fedora-clang 1.0.1 73.42 NOTE
r-devel-linux-x86_64-fedora-gcc 1.0.1 64.81 OK
r-devel-windows-ix86+x86_64 1.0.1 33.00 41.00 74.00 NOTE
r-patched-linux-x86_64 1.0.1 18.13 30.19 48.32 OK
r-patched-solaris-x86 1.0.1 113.20 NOTE
r-release-linux-x86_64 1.0.1 18.29 30.19 48.48 OK
r-release-osx-x86_64 1.0.1 NOTE
r-release-windows-ix86+x86_64 1.0.1 28.00 57.00 85.00 NOTE
r-oldrel-osx-x86_64 1.0.1 NOTE
r-oldrel-windows-ix86+x86_64 1.0.1 31.00 44.00 75.00 NOTE

Check Details

Version: 1.0.1
Check: installed package size
Result: NOTE
     installed size is 21.0Mb
     sub-directories of 1Mb or more:
     data 20.8Mb
Flavors: r-devel-linux-x86_64-fedora-clang, r-devel-windows-ix86+x86_64, r-patched-solaris-x86, r-release-osx-x86_64, r-release-windows-ix86+x86_64, r-oldrel-osx-x86_64, r-oldrel-windows-ix86+x86_64