Last updated on 2023-12-10 07:49:31 CET.
Flavor | Version | Tinstall | Tcheck | Ttotal | Status | Flags |
---|---|---|---|---|---|---|
r-devel-linux-x86_64-debian-clang | 1.1 | 76.83 | 35.23 | 112.06 | OK | |
r-devel-linux-x86_64-debian-gcc | 1.1 | 59.10 | 28.54 | 87.64 | OK | |
r-devel-linux-x86_64-fedora-clang | 1.1 | 160.23 | NOTE | |||
r-devel-linux-x86_64-fedora-gcc | 1.1 | 158.72 | OK | |||
r-devel-windows-x86_64 | 1.1 | 71.00 | 49.00 | 120.00 | NOTE | |
r-patched-linux-x86_64 | 1.1 | 77.25 | 34.78 | 112.03 | OK | |
r-release-linux-x86_64 | 1.1 | 80.12 | 34.72 | 114.84 | OK | |
r-release-macos-arm64 | 1.1 | 81.00 | NOTE | |||
r-release-macos-x86_64 | 1.1 | 106.00 | NOTE | |||
r-release-windows-x86_64 | 1.1 | 70.00 | 50.00 | 120.00 | NOTE | |
r-oldrel-macos-arm64 | 1.1 | 78.00 | NOTE | |||
r-oldrel-macos-x86_64 | 1.1 | 85.00 | NOTE | |||
r-oldrel-windows-x86_64 | 1.1 | 97.00 | 59.00 | 156.00 | NOTE |
Version: 1.1
Check: installed package size
Result: NOTE
installed size is 9.5Mb
sub-directories of 1Mb or more:
data 9.3Mb
Flavors: r-devel-linux-x86_64-fedora-clang, r-devel-windows-x86_64, r-release-macos-arm64, r-release-macos-x86_64, r-release-windows-x86_64, r-oldrel-macos-arm64, r-oldrel-macos-x86_64, r-oldrel-windows-x86_64