Last updated on 2023-12-10 07:49:31 CET.
Flavor | Version | Tinstall | Tcheck | Ttotal | Status | Flags |
---|---|---|---|---|---|---|
r-devel-linux-x86_64-debian-clang | 1.2 | 14.88 | 347.64 | 362.52 | NOTE | |
r-devel-linux-x86_64-debian-gcc | 1.2 | 10.18 | 259.20 | 269.38 | NOTE | |
r-devel-linux-x86_64-fedora-clang | 1.2 | 437.70 | NOTE | |||
r-devel-linux-x86_64-fedora-gcc | 1.2 | 440.80 | NOTE | |||
r-devel-windows-x86_64 | 1.2 | 13.00 | 128.00 | 141.00 | NOTE | --no-vignettes |
r-patched-linux-x86_64 | 1.2 | 12.22 | 341.22 | 353.44 | NOTE | |
r-release-linux-x86_64 | 1.2 | 9.42 | 340.70 | 350.12 | NOTE | |
r-release-macos-arm64 | 1.2 | 179.00 | NOTE | |||
r-release-macos-x86_64 | 1.2 | 288.00 | NOTE | |||
r-release-windows-x86_64 | 1.2 | 17.00 | 144.00 | 161.00 | NOTE | --no-vignettes |
r-oldrel-macos-arm64 | 1.2 | 162.00 | NOTE | |||
r-oldrel-macos-x86_64 | 1.2 | 296.00 | NOTE | |||
r-oldrel-windows-x86_64 | 1.2 | 17.00 | 161.00 | 178.00 | NOTE | --no-vignettes |
Version: 1.2
Check: LazyData
Result: NOTE
'LazyData' is specified without a 'data' directory
Flavors: r-devel-linux-x86_64-debian-clang, r-devel-linux-x86_64-debian-gcc, r-devel-linux-x86_64-fedora-clang, r-devel-linux-x86_64-fedora-gcc, r-patched-linux-x86_64, r-release-linux-x86_64, r-release-macos-arm64, r-release-macos-x86_64, r-oldrel-macos-arm64, r-oldrel-macos-x86_64
Version: 1.2
Check: installed package size
Result: NOTE
installed size is 5.1Mb
sub-directories of 1Mb or more:
doc 4.7Mb
Flavors: r-devel-linux-x86_64-fedora-clang, r-release-macos-arm64, r-release-macos-x86_64, r-oldrel-macos-arm64, r-oldrel-macos-x86_64
Version: 1.2
Flags: --no-vignettes
Check: installed package size
Result: NOTE
installed size is 5.1Mb
sub-directories of 1Mb or more:
doc 4.7Mb
Flavors: r-devel-windows-x86_64, r-release-windows-x86_64, r-oldrel-windows-x86_64
Version: 1.2
Flags: --no-vignettes
Check: LazyData
Result: NOTE
'LazyData' is specified without a 'data' directory
Flavors: r-devel-windows-x86_64, r-release-windows-x86_64, r-oldrel-windows-x86_64