CRAN Package Check Results for Package adepro

Last updated on 2023-10-01 03:54:31 CEST.

Flavor Version Tinstall Tcheck Ttotal Status Flags
r-devel-linux-x86_64-debian-clang 3.2.0 10.79 97.26 108.05 NOTE
r-devel-linux-x86_64-debian-gcc 3.2.0 8.60 70.81 79.41 NOTE
r-devel-linux-x86_64-fedora-clang 3.2.0 129.14 NOTE
r-devel-linux-x86_64-fedora-gcc 3.2.0 141.37 NOTE
r-devel-windows-x86_64 3.2.0 9.00 89.00 98.00 NOTE
r-patched-linux-x86_64 3.2.0 9.07 91.10 100.17 OK
r-release-linux-x86_64 3.2.0 6.60 92.38 98.98 OK
r-release-macos-arm64 3.2.0 44.00 OK
r-release-macos-x86_64 3.2.0 70.00 OK
r-release-windows-x86_64 3.2.0 13.00 102.00 115.00 OK
r-oldrel-macos-arm64 3.2.0 38.00 NOTE
r-oldrel-macos-x86_64 3.2.0 74.00 NOTE
r-oldrel-windows-x86_64 3.2.0 14.00 112.00 126.00 OK

Check Details

Version: 3.2.0
Check: Rd \usage sections
Result: NOTE
    Documented arguments not in \usage in documentation object 'ae_count':
     ‘patients’
    
    Functions with \usage entries need to have the appropriate \alias
    entries, and all their arguments documented.
    The \usage entries must correspond to syntactically valid R code.
    See chapter ‘Writing R documentation files’ in the ‘Writing R
    Extensions’ manual.
Flavors: r-devel-linux-x86_64-debian-clang, r-devel-linux-x86_64-debian-gcc, r-devel-linux-x86_64-fedora-clang, r-devel-linux-x86_64-fedora-gcc, r-devel-windows-x86_64

Version: 3.2.0
Check: dependencies in R code
Result: NOTE
    Namespace in Imports field not imported from: ‘jsonlite’
     All declared Imports should be used.
Flavors: r-devel-linux-x86_64-fedora-clang, r-devel-linux-x86_64-fedora-gcc, r-oldrel-macos-arm64, r-oldrel-macos-x86_64