CRAN Package Check Results for Package adehabitatMA

Last updated on 2022-06-29 00:51:08 CEST.

Flavor Version Tinstall Tcheck Ttotal Status Flags
r-devel-linux-x86_64-debian-clang 0.3.14 8.98 60.47 69.45 OK
r-devel-linux-x86_64-debian-gcc 0.3.14 6.96 47.13 54.09 OK
r-devel-linux-x86_64-fedora-clang 0.3.14 97.06 NOTE
r-devel-linux-x86_64-fedora-gcc 0.3.14 94.28 NOTE
r-devel-windows-x86_64 0.3.14 46.00 106.00 152.00 OK
r-patched-linux-x86_64 0.3.14 9.15 58.73 67.88 OK
r-release-linux-x86_64 0.3.14 7.55 59.31 66.86 OK
r-release-macos-arm64 0.3.14 38.00 NOTE
r-release-macos-x86_64 0.3.14 47.00 NOTE
r-release-windows-x86_64 0.3.14 44.00 108.00 152.00 OK
r-oldrel-macos-arm64 0.3.14 48.00 NOTE
r-oldrel-macos-x86_64 0.3.14 62.00 NOTE
r-oldrel-windows-ix86+x86_64 0.3.14 22.00 111.00 133.00 OK

Check Details

Version: 0.3.14
Check: dependencies in R code
Result: NOTE
    Namespace in Imports field not imported from: ‘filehash’
     All declared Imports should be used.
Flavors: r-devel-linux-x86_64-fedora-clang, r-devel-linux-x86_64-fedora-gcc, r-release-macos-arm64, r-release-macos-x86_64, r-oldrel-macos-arm64, r-oldrel-macos-x86_64