Last updated on 2023-10-01 03:54:31 CEST.
Flavor | Version | Tinstall | Tcheck | Ttotal | Status | Flags |
---|---|---|---|---|---|---|
r-devel-linux-x86_64-debian-clang | 2.1.10 | 35.67 | 235.16 | 270.83 | NOTE | |
r-devel-linux-x86_64-debian-gcc | 2.1.10 | 27.44 | 172.15 | 199.59 | NOTE | |
r-devel-linux-x86_64-fedora-clang | 2.1.10 | 323.92 | NOTE | |||
r-devel-linux-x86_64-fedora-gcc | 2.1.10 | 337.82 | NOTE | |||
r-devel-windows-x86_64 | 2.1.10 | 33.00 | 207.00 | 240.00 | OK | |
r-patched-linux-x86_64 | 2.1.10 | 46.05 | 223.14 | 269.19 | NOTE | |
r-release-linux-x86_64 | 2.1.10 | 29.66 | 227.97 | 257.63 | NOTE | |
r-release-macos-arm64 | 2.1.10 | 93.00 | NOTE | |||
r-release-macos-x86_64 | 2.1.10 | 150.00 | NOTE | |||
r-release-windows-x86_64 | 2.1.10 | 43.00 | 260.00 | 303.00 | OK | |
r-oldrel-macos-arm64 | 2.1.10 | 83.00 | NOTE | |||
r-oldrel-macos-x86_64 | 2.1.10 | 114.00 | OK | |||
r-oldrel-windows-x86_64 | 2.1.10 | 42.00 | 244.00 | 286.00 | OK |
Version: 2.1.10
Check: package dependencies
Result: NOTE
Package suggested but not available for checking: ‘adespatial’
Flavors: r-devel-linux-x86_64-debian-clang, r-devel-linux-x86_64-debian-gcc, r-devel-linux-x86_64-fedora-clang, r-devel-linux-x86_64-fedora-gcc, r-patched-linux-x86_64, r-release-linux-x86_64
Version: 2.1.10
Check: installed package size
Result: NOTE
installed size is 5.8Mb
sub-directories of 1Mb or more:
R 2.0Mb
data 1.3Mb
files 1.7Mb
Flavors: r-release-macos-arm64, r-release-macos-x86_64, r-oldrel-macos-arm64
Version: 2.1.10
Check: package dependencies
Result: NOTE
Packages suggested but not available for checking:
'adespatial', 'hierfstat', 'spdep', 'poppr'
Flavor: r-release-macos-x86_64
Version: 2.1.10
Check: Rd cross-references
Result: NOTE
Package unavailable to check Rd xrefs: ‘spdep’
Flavor: r-release-macos-x86_64