CRAN Package Check Results for Package additiveDEA

Last updated on 2023-12-11 05:51:43 CET.

Flavor Version Tinstall Tcheck Ttotal Status Flags
r-devel-linux-x86_64-debian-clang 1.1 2.84 32.21 35.05 OK
r-devel-linux-x86_64-debian-gcc 1.1 2.47 24.53 27.00 OK
r-devel-linux-x86_64-fedora-clang 1.1 47.03 NOTE
r-devel-linux-x86_64-fedora-gcc 1.1 45.66 NOTE
r-devel-windows-x86_64 1.1 5.00 47.00 52.00 OK
r-patched-linux-x86_64 1.1 3.24 31.79 35.03 OK
r-release-linux-x86_64 1.1 3.34 31.66 35.00 OK
r-release-macos-arm64 1.1 19.00 OK
r-release-macos-x86_64 1.1 27.00 OK
r-release-windows-x86_64 1.1 3.00 51.00 54.00 OK
r-oldrel-macos-arm64 1.1 18.00 NOTE
r-oldrel-macos-x86_64 1.1 24.00 NOTE
r-oldrel-windows-x86_64 1.1 4.00 43.00 47.00 OK

Check Details

Version: 1.1
Check: dependencies in R code
Result: NOTE Namespace in Imports field not imported from: ‘Benchmarking’ All declared Imports should be used. Flavors: r-devel-linux-x86_64-fedora-clang, r-devel-linux-x86_64-fedora-gcc, r-oldrel-macos-arm64, r-oldrel-macos-x86_64