Last updated on 2023-10-01 03:54:31 CEST.
Flavor | Version | Tinstall | Tcheck | Ttotal | Status | Flags |
---|---|---|---|---|---|---|
r-devel-linux-x86_64-debian-clang | 0.1.6 | 8.44 | 65.51 | 73.95 | NOTE | |
r-devel-linux-x86_64-debian-gcc | 0.1.6 | 6.82 | 48.68 | 55.50 | NOTE | |
r-devel-linux-x86_64-fedora-clang | 0.1.6 | 90.48 | NOTE | |||
r-devel-linux-x86_64-fedora-gcc | 0.1.6 | 104.20 | NOTE | |||
r-devel-windows-x86_64 | 0.1.6 | 8.00 | 67.00 | 75.00 | NOTE | |
r-patched-linux-x86_64 | 0.1.6 | 8.10 | 62.45 | 70.55 | NOTE | |
r-release-linux-x86_64 | 0.1.6 | 5.28 | 62.63 | 67.91 | NOTE | |
r-release-macos-arm64 | 0.1.6 | 38.00 | NOTE | |||
r-release-macos-x86_64 | 0.1.6 | 53.00 | NOTE | |||
r-release-windows-x86_64 | 0.1.6 | 11.00 | 74.00 | 85.00 | NOTE | |
r-oldrel-macos-arm64 | 0.1.6 | 30.00 | NOTE | |||
r-oldrel-macos-x86_64 | 0.1.6 | 63.00 | NOTE | |||
r-oldrel-windows-x86_64 | 0.1.6 | 12.00 | 80.00 | 92.00 | NOTE |
Version: 0.1.6
Check: LazyData
Result: NOTE
'LazyData' is specified without a 'data' directory
Flavors: r-devel-linux-x86_64-debian-clang, r-devel-linux-x86_64-debian-gcc, r-devel-linux-x86_64-fedora-clang, r-devel-linux-x86_64-fedora-gcc, r-devel-windows-x86_64, r-patched-linux-x86_64, r-release-linux-x86_64, r-release-macos-arm64, r-release-macos-x86_64, r-release-windows-x86_64, r-oldrel-macos-arm64, r-oldrel-macos-x86_64, r-oldrel-windows-x86_64