CRAN Package Check Results for Package add2ggplot

Last updated on 2020-04-05 05:47:03 CEST.

Flavor Version Tinstall Tcheck Ttotal Status Flags
r-devel-linux-x86_64-debian-clang 0.3.0 4.87 45.80 50.67 OK
r-devel-linux-x86_64-debian-gcc 0.3.0 3.50 35.60 39.10 OK
r-devel-linux-x86_64-fedora-clang 0.3.0 56.89 OK
r-devel-linux-x86_64-fedora-gcc 0.3.0 53.53 OK
r-devel-windows-ix86+x86_64 0.3.0 17.00 54.00 71.00 OK
r-devel-windows-ix86+x86_64-gcc8 0.3.0 15.00 56.00 71.00 OK
r-patched-linux-x86_64 0.3.0 4.95 44.12 49.07 OK
r-patched-solaris-x86 0.3.0 88.80 OK
r-release-linux-x86_64 0.3.0 3.90 40.75 44.65 OK
r-release-windows-ix86+x86_64 0.3.0 12.00 117.00 129.00 OK
r-release-osx-x86_64 0.3.0 OK
r-oldrel-windows-ix86+x86_64 0.3.0 7.00 56.00 63.00 WARN
r-oldrel-osx-x86_64 0.3.0 OK

Check Details

Version: 0.3.0
Check: whether package can be installed
Result: WARN
    Found the following significant warnings:
     Warning: unable to re-encode 'theme_du_bois.R' lines 28, 32, 43
     Warning: unable to re-encode 'theme_ilo.R' lines 19, 21
Flavor: r-oldrel-windows-ix86+x86_64