Last updated on 2023-10-01 03:54:31 CEST.
Flavor | Version | Tinstall | Tcheck | Ttotal | Status | Flags |
---|---|---|---|---|---|---|
r-devel-linux-x86_64-debian-clang | 0.1.3 | 30.13 | 326.52 | 356.65 | OK | |
r-devel-linux-x86_64-debian-gcc | 0.1.3 | 26.09 | 240.78 | 266.87 | OK | |
r-devel-linux-x86_64-fedora-clang | 0.1.3 | 424.73 | OK | |||
r-devel-linux-x86_64-fedora-gcc | 0.1.3 | 455.44 | OK | |||
r-devel-windows-x86_64 | 0.1.3 | 27.00 | 226.00 | 253.00 | OK | |
r-patched-linux-x86_64 | 0.1.3 | 24.21 | 303.96 | 328.17 | OK | |
r-release-linux-x86_64 | 0.1.3 | 21.06 | 311.75 | 332.81 | OK | |
r-release-macos-arm64 | 0.1.3 | 5.00 | ERROR | |||
r-release-macos-x86_64 | 0.1.3 | 8.00 | ERROR | |||
r-release-windows-x86_64 | 0.1.3 | 36.00 | 290.00 | 326.00 | OK | |
r-oldrel-macos-arm64 | 0.1.3 | 117.00 | OK | |||
r-oldrel-macos-x86_64 | 0.1.3 | 162.00 | OK | |||
r-oldrel-windows-x86_64 | 0.1.3 | 36.00 | 290.00 | 326.00 | OK |
Version: 0.1.3
Check: package dependencies
Result: ERROR
Package required but not available: ‘phyloseq’
See section ‘The DESCRIPTION file’ in the ‘Writing R Extensions’
manual.
Flavors: r-release-macos-arm64, r-release-macos-x86_64