Last updated on 2023-10-01 03:54:31 CEST.
Flavor | Version | Tinstall | Tcheck | Ttotal | Status | Flags |
---|---|---|---|---|---|---|
r-devel-linux-x86_64-debian-clang | 1.4 | 6.84 | 70.18 | 77.02 | NOTE | |
r-devel-linux-x86_64-debian-gcc | 1.4 | 6.54 | 55.28 | 61.82 | NOTE | |
r-devel-linux-x86_64-fedora-clang | 1.4 | 94.40 | NOTE | |||
r-devel-linux-x86_64-fedora-gcc | 1.4 | 99.31 | NOTE | |||
r-devel-windows-x86_64 | 1.4 | 8.00 | 73.00 | 81.00 | NOTE | |
r-patched-linux-x86_64 | 1.4 | 8.31 | 70.22 | 78.53 | NOTE | |
r-release-linux-x86_64 | 1.4 | 7.37 | 69.62 | 76.99 | NOTE | |
r-release-macos-arm64 | 1.4 | 37.00 | NOTE | |||
r-release-macos-x86_64 | 1.4 | 58.00 | NOTE | |||
r-release-windows-x86_64 | 1.4 | 10.00 | 84.00 | 94.00 | NOTE | |
r-oldrel-macos-arm64 | 1.4 | 30.00 | OK | |||
r-oldrel-macos-x86_64 | 1.4 | 43.00 | OK | |||
r-oldrel-windows-x86_64 | 1.4 | 9.00 | 89.00 | 98.00 | NOTE |
Version: 1.4
Check: Rd cross-references
Result: NOTE
Unknown packages ‘HI’, ‘MHadaptive’ in Rd xrefs
Flavors: r-devel-linux-x86_64-debian-clang, r-devel-linux-x86_64-debian-gcc, r-devel-linux-x86_64-fedora-gcc, r-devel-windows-x86_64, r-patched-linux-x86_64, r-release-linux-x86_64, r-release-macos-arm64, r-release-macos-x86_64, r-release-windows-x86_64, r-oldrel-windows-x86_64
Version: 1.4
Check: Rd cross-references
Result: NOTE
Undeclared packages ‘HI’, ‘MHadaptive’ in Rd xrefs
Unknown packages ‘HI’, ‘MHadaptive’ in Rd xrefs
Flavor: r-devel-linux-x86_64-fedora-clang