Last updated on 2023-12-11 18:53:21 CET.
Flavor | Version | Tinstall | Tcheck | Ttotal | Status | Flags |
---|---|---|---|---|---|---|
r-devel-linux-x86_64-debian-clang | 1.2.1 | 12.24 | 122.38 | 134.62 | NOTE | |
r-devel-linux-x86_64-debian-gcc | 1.2.1 | 13.00 | 90.01 | 103.01 | NOTE | |
r-devel-linux-x86_64-fedora-clang | 1.2.1 | 170.45 | NOTE | |||
r-devel-linux-x86_64-fedora-gcc | 1.2.1 | 157.60 | NOTE | |||
r-devel-windows-x86_64 | 1.2.1 | 14.00 | 113.00 | 127.00 | NOTE | |
r-patched-linux-x86_64 | 1.2.1 | 11.06 | 116.38 | 127.44 | NOTE | |
r-release-linux-x86_64 | 1.2.1 | 14.41 | 115.80 | 130.21 | NOTE | |
r-release-macos-arm64 | 1.2.1 | 47.00 | NOTE | |||
r-release-macos-x86_64 | 1.2.1 | 72.00 | NOTE | |||
r-release-windows-x86_64 | 1.2.1 | 18.00 | 135.00 | 153.00 | NOTE | |
r-oldrel-macos-arm64 | 1.2.1 | 57.00 | NOTE | |||
r-oldrel-macos-x86_64 | 1.2.1 | 106.00 | NOTE | |||
r-oldrel-windows-x86_64 | 1.2.1 | 18.00 | 131.00 | 149.00 | NOTE |
Version: 1.2.1
Check: LazyData
Result: NOTE
'LazyData' is specified without a 'data' directory
Flavors: r-devel-linux-x86_64-debian-clang, r-devel-linux-x86_64-debian-gcc, r-devel-linux-x86_64-fedora-clang, r-devel-linux-x86_64-fedora-gcc, r-devel-windows-x86_64, r-patched-linux-x86_64, r-release-linux-x86_64, r-release-macos-arm64, r-release-macos-x86_64, r-release-windows-x86_64, r-oldrel-macos-arm64, r-oldrel-macos-x86_64, r-oldrel-windows-x86_64