Last updated on 2023-12-11 06:48:14 CET.
Flavor | Version | Tinstall | Tcheck | Ttotal | Status | Flags |
---|---|---|---|---|---|---|
r-devel-linux-x86_64-debian-clang | 5.0 | 16.78 | 159.17 | 175.95 | OK | |
r-devel-linux-x86_64-debian-gcc | 5.0 | 14.94 | 119.81 | 134.75 | OK | |
r-devel-linux-x86_64-fedora-clang | 5.0 | 216.75 | OK | |||
r-devel-linux-x86_64-fedora-gcc | 5.0 | 207.12 | OK | |||
r-devel-windows-x86_64 | 5.0 | 18.00 | 127.00 | 145.00 | OK | |
r-patched-linux-x86_64 | 5.0 | 13.22 | 154.24 | 167.46 | OK | |
r-release-linux-x86_64 | 5.0 | 12.87 | 151.39 | 164.26 | OK | |
r-release-macos-arm64 | 5.0 | 59.00 | OK | |||
r-release-macos-x86_64 | 5.0 | 130.00 | OK | |||
r-release-windows-x86_64 | 5.0 | 21.00 | 156.00 | 177.00 | OK | |
r-oldrel-macos-arm64 | 5.0 | 68.00 | OK | |||
r-oldrel-macos-x86_64 | 5.0 | 89.00 | OK | |||
r-oldrel-windows-x86_64 | 5.0 | 24.00 | 166.00 | 190.00 | NOTE |
Version: 5.0
Check: HTML version of manual
Result: NOTE
Found the following problems:
errorevol_ranking_vector_IW.Rd:68:38: Warning: nested emphasis <code>
Flavor: r-oldrel-windows-x86_64