Last updated on 2023-10-01 03:54:31 CEST.
Flavor | Version | Tinstall | Tcheck | Ttotal | Status | Flags |
---|---|---|---|---|---|---|
r-devel-linux-x86_64-debian-clang | 1.1 | 46.34 | 31.09 | 77.43 | NOTE | |
r-devel-linux-x86_64-debian-gcc | 1.1 | 30.40 | 24.59 | 54.99 | NOTE | |
r-devel-linux-x86_64-fedora-clang | 1.1 | 101.19 | NOTE | |||
r-devel-linux-x86_64-fedora-gcc | 1.1 | 104.74 | NOTE | |||
r-devel-windows-x86_64 | 1.1 | 33.00 | 67.00 | 100.00 | NOTE | |
r-patched-linux-x86_64 | 1.1 | 33.82 | 31.61 | 65.43 | NOTE | |
r-release-linux-x86_64 | 1.1 | 39.20 | 31.35 | 70.55 | NOTE | |
r-release-macos-arm64 | 1.1 | 29.00 | NOTE | |||
r-release-macos-x86_64 | 1.1 | 47.00 | NOTE | |||
r-release-windows-x86_64 | 1.1 | 40.00 | 70.00 | 110.00 | NOTE | |
r-oldrel-macos-arm64 | 1.1 | 29.00 | OK | |||
r-oldrel-macos-x86_64 | 1.1 | 41.00 | OK | |||
r-oldrel-windows-x86_64 | 1.1 | 38.00 | 70.00 | 108.00 | OK |
Version: 1.1
Check: C++ specification
Result: NOTE
Specified C++11: please drop specification unless essential
Flavors: r-devel-linux-x86_64-debian-clang, r-devel-linux-x86_64-debian-gcc, r-devel-linux-x86_64-fedora-clang, r-devel-linux-x86_64-fedora-gcc, r-devel-windows-x86_64, r-patched-linux-x86_64, r-release-linux-x86_64, r-release-macos-arm64, r-release-macos-x86_64, r-release-windows-x86_64