CRAN Package Check Results for Package ada

Last updated on 2024-06-21 02:56:13 CEST.

Flavor Version Tinstall Tcheck Ttotal Status Flags
r-devel-linux-x86_64-debian-clang 2.0-5 3.44 31.04 34.48 NOTE
r-devel-linux-x86_64-debian-gcc 2.0-5 2.07 23.63 25.70 NOTE
r-devel-linux-x86_64-fedora-clang 2.0-5 42.13 NOTE
r-devel-linux-x86_64-fedora-gcc 2.0-5 39.97 NOTE
r-devel-windows-x86_64 2.0-5 4.00 50.00 54.00 NOTE
r-patched-linux-x86_64 2.0-5 3.17 29.00 32.17 NOTE
r-release-linux-x86_64 2.0-5 2.96 28.71 31.67 NOTE
r-release-macos-arm64 2.0-5 17.00 NOTE
r-release-macos-x86_64 2.0-5 26.00 NOTE
r-release-windows-x86_64 2.0-5 3.00 50.00 53.00 NOTE
r-oldrel-macos-arm64 2.0-5 20.00 NOTE
r-oldrel-macos-x86_64 2.0-5 25.00 NOTE
r-oldrel-windows-x86_64 2.0-5 4.00 51.00 55.00 NOTE

Check Details

Version: 2.0-5
Check: Rd files
Result: NOTE checkRd: (-1) ada.Rd:171: Escaped LaTeX specials: \& Flavors: r-devel-linux-x86_64-debian-clang, r-devel-linux-x86_64-debian-gcc, r-devel-linux-x86_64-fedora-clang, r-devel-linux-x86_64-fedora-gcc, r-devel-windows-x86_64, r-patched-linux-x86_64, r-release-linux-x86_64, r-release-macos-arm64, r-release-macos-x86_64, r-release-windows-x86_64, r-oldrel-macos-arm64, r-oldrel-macos-x86_64, r-oldrel-windows-x86_64