CRAN Package Check Results for Package ada

Last updated on 2023-10-01 01:53:10 CEST.

Flavor Version Tinstall Tcheck Ttotal Status Flags
r-devel-linux-x86_64-debian-clang 2.0-5 3.14 29.91 33.05 NOTE
r-devel-linux-x86_64-debian-gcc 2.0-5 1.89 23.23 25.12 NOTE
r-devel-linux-x86_64-fedora-clang 2.0-5 41.14 NOTE
r-devel-linux-x86_64-fedora-gcc 2.0-5 42.15 NOTE
r-devel-windows-x86_64 2.0-5 5.00 52.00 57.00 NOTE
r-patched-linux-x86_64 2.0-5 2.79 29.60 32.39 NOTE
r-release-linux-x86_64 2.0-5 2.68 29.08 31.76 NOTE
r-release-macos-arm64 2.0-5 20.00 NOTE
r-release-macos-x86_64 2.0-5 25.00 NOTE
r-release-windows-x86_64 2.0-5 5.00 49.00 54.00 NOTE
r-oldrel-macos-arm64 2.0-5 20.00 OK
r-oldrel-macos-x86_64 2.0-5 25.00 OK
r-oldrel-windows-x86_64 2.0-5 8.00 52.00 60.00 OK

Check Details

Version: 2.0-5
Check: Rd files
Result: NOTE
    checkRd: (-1) ada.Rd:171: Escaped LaTeX specials: \&
Flavors: r-devel-linux-x86_64-debian-clang, r-devel-linux-x86_64-debian-gcc, r-devel-linux-x86_64-fedora-clang, r-devel-linux-x86_64-fedora-gcc, r-devel-windows-x86_64, r-patched-linux-x86_64, r-release-linux-x86_64, r-release-macos-arm64, r-release-macos-x86_64, r-release-windows-x86_64