CRAN Package Check Results for Package actxps

Last updated on 2022-11-28 03:57:12 CET.

Flavor Version Tinstall Tcheck Ttotal Status Flags
r-devel-linux-x86_64-debian-clang 0.2.0 15.49 146.55 162.04 OK
r-devel-linux-x86_64-debian-gcc 0.2.0 12.94 111.47 124.41 OK
r-devel-linux-x86_64-fedora-clang 0.2.0 212.53 NOTE
r-devel-linux-x86_64-fedora-gcc 0.2.0 205.68 NOTE
r-devel-windows-x86_64 0.2.0 20.00 172.00 192.00 OK
r-patched-linux-x86_64 0.2.0 10.84 139.42 150.26 OK
r-release-linux-x86_64 0.2.0 11.76 138.26 150.02 OK
r-release-macos-arm64 0.2.0 52.00 NOTE
r-release-macos-x86_64 0.2.0 75.00 NOTE
r-release-windows-x86_64 0.2.0 31.00 169.00 200.00 OK
r-oldrel-macos-arm64 0.2.0 51.00 NOTE
r-oldrel-macos-x86_64 0.2.0 75.00 NOTE
r-oldrel-windows-ix86+x86_64 0.2.0 34.00 244.00 278.00 OK

Check Details

Version: 0.2.0
Check: dependencies in R code
Result: NOTE
    Namespace in Imports field not imported from: ‘RColorBrewer’
     All declared Imports should be used.
Flavors: r-devel-linux-x86_64-fedora-clang, r-devel-linux-x86_64-fedora-gcc, r-release-macos-arm64, r-release-macos-x86_64, r-oldrel-macos-arm64, r-oldrel-macos-x86_64