Last updated on 2023-10-01 03:54:31 CEST.
Flavor | Version | Tinstall | Tcheck | Ttotal | Status | Flags |
---|---|---|---|---|---|---|
r-devel-linux-x86_64-debian-clang | 1.1.1 | 2.51 | 34.14 | 36.65 | NOTE | |
r-devel-linux-x86_64-debian-gcc | 1.1.1 | 2.30 | 26.47 | 28.77 | NOTE | |
r-devel-linux-x86_64-fedora-clang | 1.1.1 | 46.78 | NOTE | |||
r-devel-linux-x86_64-fedora-gcc | 1.1.1 | 58.92 | NOTE | |||
r-devel-windows-x86_64 | 1.1.1 | 5.00 | 53.00 | 58.00 | NOTE | |
r-patched-linux-x86_64 | 1.1.1 | 3.40 | 33.51 | 36.91 | NOTE | |
r-release-linux-x86_64 | 1.1.1 | 2.48 | 33.35 | 35.83 | NOTE | |
r-release-macos-arm64 | 1.1.1 | 26.00 | NOTE | |||
r-release-macos-x86_64 | 1.1.1 | 36.00 | NOTE | |||
r-release-windows-x86_64 | 1.1.1 | 6.00 | 79.00 | 85.00 | NOTE | |
r-oldrel-macos-arm64 | 1.1.1 | 20.00 | NOTE | |||
r-oldrel-macos-x86_64 | 1.1.1 | 26.00 | NOTE | |||
r-oldrel-windows-x86_64 | 1.1.1 | 6.00 | 162.00 | 168.00 | NOTE |
Version: 1.1.1
Check: LazyData
Result: NOTE
'LazyData' is specified without a 'data' directory
Flavors: r-devel-linux-x86_64-debian-clang, r-devel-linux-x86_64-debian-gcc, r-devel-linux-x86_64-fedora-clang, r-devel-linux-x86_64-fedora-gcc, r-devel-windows-x86_64, r-patched-linux-x86_64, r-release-linux-x86_64, r-release-macos-arm64, r-release-macos-x86_64, r-release-windows-x86_64, r-oldrel-macos-arm64, r-oldrel-macos-x86_64, r-oldrel-windows-x86_64