CRAN Package Check Results for Package acss.data

Last updated on 2025-01-22 17:49:07 CET.

Flavor Version Tinstall Tcheck Ttotal Status Flags
r-devel-linux-x86_64-debian-clang 1.0 142.60 81.89 224.49 OK
r-devel-linux-x86_64-debian-gcc 1.0 122.37 60.65 183.02 OK
r-devel-linux-x86_64-fedora-clang 1.0 360.13 OK
r-devel-linux-x86_64-fedora-gcc 1.0 360.41 OK
r-devel-windows-x86_64 1.0 134.00 77.00 211.00 OK
r-patched-linux-x86_64 1.0 143.00 79.46 222.46 OK
r-release-linux-x86_64 1.0 145.53 82.24 227.77 OK
r-release-macos-arm64 1.0 140.00 NOTE
r-release-macos-x86_64 1.0 194.00 NOTE
r-release-windows-x86_64 1.0 136.00 78.00 214.00 NOTE
r-oldrel-macos-arm64 1.0 158.00 NOTE
r-oldrel-macos-x86_64 1.0 224.00 NOTE
r-oldrel-windows-x86_64 1.0 140.00 91.00 231.00 NOTE

Check Details

Version: 1.0
Check: installed package size
Result: NOTE installed size is 14.7Mb sub-directories of 1Mb or more: R 14.6Mb Flavors: r-release-macos-arm64, r-release-macos-x86_64, r-release-windows-x86_64, r-oldrel-macos-arm64, r-oldrel-macos-x86_64, r-oldrel-windows-x86_64