Last updated on 2023-10-01 03:54:31 CEST.
Flavor | Version | Tinstall | Tcheck | Ttotal | Status | Flags |
---|---|---|---|---|---|---|
r-devel-linux-x86_64-debian-clang | 1.0 | 167.96 | 97.09 | 265.05 | OK | |
r-devel-linux-x86_64-debian-gcc | 1.0 | 134.91 | 79.55 | 214.46 | OK | |
r-devel-linux-x86_64-fedora-clang | 1.0 | 363.77 | NOTE | |||
r-devel-linux-x86_64-fedora-gcc | 1.0 | 365.25 | OK | |||
r-devel-windows-x86_64 | 1.0 | 124.00 | 77.00 | 201.00 | NOTE | |
r-patched-linux-x86_64 | 1.0 | 159.14 | 85.18 | 244.32 | OK | |
r-release-linux-x86_64 | 1.0 | 164.71 | 97.49 | 262.20 | OK | |
r-release-macos-arm64 | 1.0 | 158.00 | NOTE | |||
r-release-macos-x86_64 | 1.0 | 224.00 | NOTE | |||
r-release-windows-x86_64 | 1.0 | 146.00 | 103.00 | 249.00 | NOTE | |
r-oldrel-macos-arm64 | 1.0 | 162.00 | NOTE | |||
r-oldrel-macos-x86_64 | 1.0 | 170.00 | NOTE | |||
r-oldrel-windows-x86_64 | 1.0 | 188.00 | 110.00 | 298.00 | NOTE |
Version: 1.0
Check: installed package size
Result: NOTE
installed size is 13.7Mb
sub-directories of 1Mb or more:
R 13.6Mb
Flavors: r-devel-linux-x86_64-fedora-clang, r-devel-windows-x86_64, r-release-macos-arm64, r-release-macos-x86_64, r-release-windows-x86_64, r-oldrel-macos-arm64, r-oldrel-macos-x86_64, r-oldrel-windows-x86_64