CRAN Package Check Results for Package acfMPeriod

Last updated on 2023-12-09 10:49:34 CET.

Flavor Version Tinstall Tcheck Ttotal Status Flags
r-devel-linux-x86_64-debian-clang 1.0.0 2.48 29.48 31.96 NOTE
r-devel-linux-x86_64-debian-gcc 1.0.0 1.96 22.71 24.67 NOTE
r-devel-linux-x86_64-fedora-clang 1.0.0 40.06 NOTE
r-devel-linux-x86_64-fedora-gcc 1.0.0 38.05 NOTE
r-devel-windows-x86_64 1.0.0 4.00 43.00 47.00 NOTE
r-patched-linux-x86_64 1.0.0 2.71 27.19 29.90 NOTE
r-release-linux-x86_64 1.0.0 3.07 27.08 30.15 NOTE
r-release-macos-arm64 1.0.0 19.00 NOTE
r-release-macos-x86_64 1.0.0 24.00 NOTE
r-release-windows-x86_64 1.0.0 3.00 43.00 46.00 NOTE
r-oldrel-macos-arm64 1.0.0 17.00 NOTE
r-oldrel-macos-x86_64 1.0.0 23.00 NOTE
r-oldrel-windows-x86_64 1.0.0 4.00 90.00 94.00 NOTE

Check Details

Version: 1.0.0
Check: LazyData
Result: NOTE 'LazyData' is specified without a 'data' directory Flavors: r-devel-linux-x86_64-debian-clang, r-devel-linux-x86_64-debian-gcc, r-devel-linux-x86_64-fedora-clang, r-devel-linux-x86_64-fedora-gcc, r-devel-windows-x86_64, r-patched-linux-x86_64, r-release-linux-x86_64, r-release-macos-arm64, r-release-macos-x86_64, r-release-windows-x86_64, r-oldrel-macos-arm64, r-oldrel-macos-x86_64, r-oldrel-windows-x86_64