Last updated on 2023-09-21 19:53:33 CEST.
Flavor | Version | Tinstall | Tcheck | Ttotal | Status | Flags |
---|---|---|---|---|---|---|
r-devel-linux-x86_64-debian-clang | 1.0.0 | 6.88 | 70.65 | 77.53 | OK | |
r-devel-linux-x86_64-debian-gcc | 1.0.0 | 5.71 | 52.36 | 58.07 | OK | |
r-devel-linux-x86_64-fedora-clang | 1.0.0 | 92.53 | OK | |||
r-devel-linux-x86_64-fedora-gcc | 1.0.0 | 98.15 | OK | |||
r-devel-windows-x86_64 | 1.0.0 | 9.00 | 79.00 | 88.00 | OK | |
r-patched-linux-x86_64 | 1.0.0 | 5.41 | 65.71 | 71.12 | OK | |
r-release-linux-x86_64 | 1.0.0 | 6.39 | 65.44 | 71.83 | OK | |
r-release-macos-arm64 | 1.0.0 | 40.00 | OK | |||
r-release-macos-x86_64 | 1.0.0 | 53.00 | OK | |||
r-release-windows-x86_64 | 1.0.0 | 10.00 | 86.00 | 96.00 | OK | |
r-oldrel-macos-arm64 | 1.0.0 | 38.00 | OK | |||
r-oldrel-macos-x86_64 | 1.0.0 | 53.00 | NOTE | |||
r-oldrel-windows-x86_64 | 1.0.0 | 11.00 | 90.00 | 101.00 | OK |
Version: 1.0.0
Check: package dependencies
Result: NOTE
Package suggested but not available for checking: ‘testthat’
Flavor: r-oldrel-macos-x86_64