Last updated on 2023-12-11 05:51:43 CET.
Flavor | Version | Tinstall | Tcheck | Ttotal | Status | Flags |
---|---|---|---|---|---|---|
r-devel-linux-x86_64-debian-clang | 1.4 | 13.64 | 132.62 | 146.26 | NOTE | |
r-devel-linux-x86_64-debian-gcc | 1.4 | 12.20 | 98.83 | 111.03 | NOTE | |
r-devel-linux-x86_64-fedora-clang | 1.4 | 179.18 | NOTE | |||
r-devel-linux-x86_64-fedora-gcc | 1.4 | 171.49 | NOTE | |||
r-devel-windows-x86_64 | 1.4 | 14.00 | 108.00 | 122.00 | OK | |
r-patched-linux-x86_64 | 1.4 | 21.77 | 126.61 | 148.38 | NOTE | |
r-release-linux-x86_64 | 1.4 | 13.45 | 124.08 | 137.53 | NOTE | |
r-release-macos-arm64 | 1.4 | 39.00 | OK | |||
r-release-macos-x86_64 | 1.4 | 64.00 | OK | |||
r-release-windows-x86_64 | 1.4 | 18.00 | 131.00 | 149.00 | OK | |
r-oldrel-macos-arm64 | 1.4 | 36.00 | OK | |||
r-oldrel-macos-x86_64 | 1.4 | 64.00 | OK | |||
r-oldrel-windows-x86_64 | 1.4 | 18.00 | 136.00 | 154.00 | OK |
Version: 1.4
Check: Rd files
Result: NOTE
checkRd: (-1) accelimp.Rd:15: Lost braces
15 | \item[]{...}
| ^
Flavors: r-devel-linux-x86_64-debian-clang, r-devel-linux-x86_64-debian-gcc
Version: 1.4
Check: for non-standard things in the check directory
Result: NOTE
Found the following files/directories:
‘acceldata2.RData’
Flavors: r-devel-linux-x86_64-debian-clang, r-devel-linux-x86_64-debian-gcc, r-devel-linux-x86_64-fedora-clang, r-devel-linux-x86_64-fedora-gcc, r-patched-linux-x86_64, r-release-linux-x86_64