Last updated on 2023-10-04 14:03:42 CEST.
Flavor | Version | Tinstall | Tcheck | Ttotal | Status | Flags |
---|---|---|---|---|---|---|
r-devel-linux-x86_64-debian-clang | 1.1.2 | 5.27 | 54.43 | 59.70 | NOTE | |
r-devel-linux-x86_64-debian-gcc | 1.1.2 | 5.15 | 39.99 | 45.14 | NOTE | |
r-devel-linux-x86_64-fedora-clang | 1.1.2 | 74.48 | NOTE | |||
r-devel-linux-x86_64-fedora-gcc | 1.1.2 | 73.62 | NOTE | |||
r-devel-windows-x86_64 | 1.1.2 | 7.00 | 64.00 | 71.00 | NOTE | |
r-patched-linux-x86_64 | 1.1.2 | 4.37 | 52.76 | 57.13 | OK | |
r-release-linux-x86_64 | 1.1.2 | 4.41 | 51.74 | 56.15 | OK | |
r-release-macos-arm64 | 1.1.2 | 28.00 | OK | |||
r-release-macos-x86_64 | 1.1.2 | 40.00 | OK | |||
r-release-windows-x86_64 | 1.1.2 | 9.00 | 69.00 | 78.00 | OK | |
r-oldrel-macos-arm64 | 1.1.2 | 24.00 | OK | |||
r-oldrel-macos-x86_64 | 1.1.2 | 32.00 | OK | |||
r-oldrel-windows-x86_64 | 1.1.2 | 9.00 | 65.00 | 74.00 | OK |
Version: 1.1.2
Check: Rd \usage sections
Result: NOTE
Documented arguments not in \usage in documentation object 'ADMM_EN2':
‘alpha’
Documented arguments not in \usage in documentation object 'ADMM_EN_SMW':
‘alpha’
Functions with \usage entries need to have the appropriate \alias
entries, and all their arguments documented.
The \usage entries must correspond to syntactically valid R code.
See chapter ‘Writing R documentation files’ in the ‘Writing R
Extensions’ manual.
Flavors: r-devel-linux-x86_64-debian-clang, r-devel-linux-x86_64-debian-gcc, r-devel-linux-x86_64-fedora-clang, r-devel-linux-x86_64-fedora-gcc, r-devel-windows-x86_64