CRAN Package Check Results for Package accSDA

Last updated on 2019-04-23 15:50:36 CEST.

Flavor Version Tinstall Tcheck Ttotal Status Flags
r-devel-linux-x86_64-debian-clang 1.0.0 4.42 33.24 37.66 OK
r-devel-linux-x86_64-debian-gcc 1.0.0 3.72 26.05 29.77 OK
r-devel-linux-x86_64-fedora-clang 1.0.0 43.18 NOTE
r-devel-linux-x86_64-fedora-gcc 1.0.0 43.32 NOTE
r-devel-windows-ix86+x86_64 1.0.0 9.00 57.00 66.00 OK
r-patched-linux-x86_64 1.0.0 4.61 33.62 38.23 OK
r-patched-solaris-x86 1.0.0 63.40 NOTE
r-release-linux-x86_64 1.0.0 2.18 31.62 33.80 OK
r-release-windows-ix86+x86_64 1.0.0 5.00 71.00 76.00 OK
r-release-osx-x86_64 1.0.0 NOTE
r-oldrel-windows-ix86+x86_64 1.0.0 4.00 49.00 53.00 OK
r-oldrel-osx-x86_64 1.0.0 NOTE

Check Details

Version: 1.0.0
Check: dependencies in R code
Result: NOTE
    Namespaces in Imports field not imported from:
     ‘rARPACK’ ‘sparseLDA’
     All declared Imports should be used.
Flavors: r-devel-linux-x86_64-fedora-clang, r-devel-linux-x86_64-fedora-gcc, r-patched-solaris-x86, r-release-osx-x86_64, r-oldrel-osx-x86_64