CRAN Package Check Results for Package acc

Last updated on 2021-06-17 20:51:44 CEST.

Flavor Version Tinstall Tcheck Ttotal Status Flags
r-devel-linux-x86_64-debian-clang 1.3.3 73.40 78.63 152.03 OK
r-devel-linux-x86_64-debian-gcc 1.3.3 46.79 58.45 105.24 OK
r-devel-linux-x86_64-fedora-clang 1.3.3 205.26 NOTE
r-devel-linux-x86_64-fedora-gcc 1.3.3 176.36 NOTE
r-devel-windows-x86_64 1.3.3 88.00 108.00 196.00 OK
r-devel-windows-x86_64-gcc10-UCRT 1.3.3 OK
r-patched-linux-x86_64 1.3.3 55.41 72.97 128.38 OK
r-patched-solaris-x86 1.3.3 201.10 OK
r-release-linux-x86_64 1.3.3 53.69 73.25 126.94 OK
r-release-macos-arm64 1.3.3 OK
r-release-macos-x86_64 1.3.3 OK
r-release-windows-ix86+x86_64 1.3.3 162.00 138.00 300.00 OK
r-oldrel-macos-x86_64 1.3.3 OK
r-oldrel-windows-ix86+x86_64 1.3.3 116.00 106.00 222.00 OK

Check Details

Version: 1.3.3
Check: compiled code
Result: NOTE
    File ‘acc/libs/acc.so’:
     Found no calls to: ‘R_registerRoutines’, ‘R_useDynamicSymbols’
    
    It is good practice to register native routines and to disable symbol
    search.
    
    See ‘Writing portable packages’ in the ‘Writing R Extensions’ manual.
Flavors: r-devel-linux-x86_64-fedora-clang, r-devel-linux-x86_64-fedora-gcc