CRAN Package Check Results for Package academictwitteR

Last updated on 2024-06-14 00:53:34 CEST.

Flavor Version Tinstall Tcheck Ttotal Status Flags
r-devel-linux-x86_64-debian-clang 0.3.1 6.42 92.63 99.05 NOTE
r-devel-linux-x86_64-debian-gcc 0.3.1 0.75 1.72 2.47 ERROR
r-devel-linux-x86_64-fedora-clang 0.3.1 123.40 NOTE
r-devel-linux-x86_64-fedora-gcc 0.3.1 130.53 NOTE
r-devel-windows-x86_64 0.3.1 7.00 100.00 107.00 NOTE
r-patched-linux-x86_64 0.3.1 5.46 87.48 92.94 NOTE
r-release-linux-x86_64 0.3.1 4.20 88.98 93.18 NOTE
r-release-macos-arm64 0.3.1 49.00 NOTE
r-release-macos-x86_64 0.3.1 81.00 NOTE
r-release-windows-x86_64 0.3.1 7.00 97.00 104.00 NOTE
r-oldrel-macos-arm64 0.3.1 53.00 OK
r-oldrel-macos-x86_64 0.3.1 77.00 OK
r-oldrel-windows-x86_64 0.3.1 9.00 115.00 124.00 OK

Check Details

Version: 0.3.1
Check: Rd files
Result: NOTE checkRd: (-1) bind_tweets.Rd:21: Lost braces in \itemize; meant \describe ? checkRd: (-1) bind_tweets.Rd:22: Lost braces in \itemize; meant \describe ? Flavors: r-devel-linux-x86_64-debian-clang, r-devel-linux-x86_64-fedora-clang, r-devel-linux-x86_64-fedora-gcc, r-devel-windows-x86_64, r-patched-linux-x86_64, r-release-linux-x86_64, r-release-macos-arm64, r-release-macos-x86_64, r-release-windows-x86_64

Version: 0.3.1
Check: package dependencies
Result: ERROR Packages required but not available: 'dplyr', 'lubridate', 'usethis', 'tibble', 'tidyr', 'tidyselect', 'purrr' Packages suggested but not available for checking: 'devtools', 'testthat', 'httptest' See section ‘The DESCRIPTION file’ in the ‘Writing R Extensions’ manual. Flavor: r-devel-linux-x86_64-debian-gcc