Last updated on 2023-10-01 03:54:31 CEST.
Flavor | Version | Tinstall | Tcheck | Ttotal | Status | Flags |
---|---|---|---|---|---|---|
r-devel-linux-x86_64-debian-clang | 0.1.0 | 6.50 | 65.64 | 72.14 | NOTE | |
r-devel-linux-x86_64-debian-gcc | 0.1.0 | 5.63 | 49.29 | 54.92 | NOTE | |
r-devel-linux-x86_64-fedora-clang | 0.1.0 | 87.86 | NOTE | |||
r-devel-linux-x86_64-fedora-gcc | 0.1.0 | 104.84 | NOTE | |||
r-devel-windows-x86_64 | 0.1.0 | 9.00 | 74.00 | 83.00 | NOTE | |
r-patched-linux-x86_64 | 0.1.0 | 4.44 | 62.43 | 66.87 | NOTE | |
r-release-linux-x86_64 | 0.1.0 | 4.33 | 62.96 | 67.29 | NOTE | |
r-release-macos-arm64 | 0.1.0 | 36.00 | NOTE | |||
r-release-macos-x86_64 | 0.1.0 | 58.00 | NOTE | |||
r-release-windows-x86_64 | 0.1.0 | 10.00 | 81.00 | 91.00 | NOTE | |
r-oldrel-macos-arm64 | 0.1.0 | 33.00 | NOTE | |||
r-oldrel-macos-x86_64 | 0.1.0 | 54.00 | NOTE | |||
r-oldrel-windows-x86_64 | 0.1.0 | 11.00 | 86.00 | 97.00 | NOTE |
Version: 0.1.0
Check: LazyData
Result: NOTE
'LazyData' is specified without a 'data' directory
Flavors: r-devel-linux-x86_64-debian-clang, r-devel-linux-x86_64-debian-gcc, r-devel-linux-x86_64-fedora-clang, r-devel-linux-x86_64-fedora-gcc, r-devel-windows-x86_64, r-patched-linux-x86_64, r-release-linux-x86_64, r-release-macos-arm64, r-release-macos-x86_64, r-release-windows-x86_64, r-oldrel-macos-arm64, r-oldrel-macos-x86_64, r-oldrel-windows-x86_64