CRAN Package Check Results for Package abstractr

Last updated on 2024-07-18 06:57:18 CEST.

Flavor Version Tinstall Tcheck Ttotal Status Flags
r-devel-linux-x86_64-debian-clang 0.1.0 6.87 69.55 76.42 NOTE
r-devel-linux-x86_64-debian-gcc 0.1.0 5.36 52.39 57.75 NOTE
r-devel-linux-x86_64-fedora-clang 0.1.0 97.62 NOTE
r-devel-linux-x86_64-fedora-gcc 0.1.0 105.42 NOTE
r-devel-windows-x86_64 0.1.0 8.00 76.00 84.00 NOTE
r-patched-linux-x86_64 0.1.0 7.05 64.35 71.40 NOTE
r-release-linux-x86_64 0.1.0 4.13 66.62 70.75 NOTE
r-release-macos-arm64 0.1.0 36.00 NOTE
r-release-macos-x86_64 0.1.0 59.00 NOTE
r-release-windows-x86_64 0.1.0 8.00 74.00 82.00 NOTE
r-oldrel-macos-arm64 0.1.0 36.00 NOTE
r-oldrel-macos-x86_64 0.1.0 58.00 NOTE
r-oldrel-windows-x86_64 0.1.0 9.00 83.00 92.00 NOTE

Check Details

Version: 0.1.0
Check: LazyData
Result: NOTE 'LazyData' is specified without a 'data' directory Flavors: r-devel-linux-x86_64-debian-clang, r-devel-linux-x86_64-debian-gcc, r-devel-linux-x86_64-fedora-clang, r-devel-linux-x86_64-fedora-gcc, r-devel-windows-x86_64, r-patched-linux-x86_64, r-release-linux-x86_64, r-release-macos-arm64, r-release-macos-x86_64, r-release-windows-x86_64, r-oldrel-macos-arm64, r-oldrel-macos-x86_64, r-oldrel-windows-x86_64