Last updated on 2023-12-11 06:48:14 CET.
Flavor | Version | Tinstall | Tcheck | Ttotal | Status | Flags |
---|---|---|---|---|---|---|
r-devel-linux-x86_64-debian-clang | 0.4.1 | 3.31 | 65.73 | 69.04 | OK | |
r-devel-linux-x86_64-debian-gcc | 0.4.1 | 2.44 | 49.45 | 51.89 | OK | |
r-devel-linux-x86_64-fedora-clang | 0.4.1 | 85.67 | NOTE | |||
r-devel-linux-x86_64-fedora-gcc | 0.4.1 | 93.83 | NOTE | |||
r-devel-windows-x86_64 | 0.4.1 | 6.00 | 76.00 | 82.00 | OK | |
r-patched-linux-x86_64 | 0.4.1 | 2.25 | 62.86 | 65.11 | OK | |
r-release-linux-x86_64 | 0.4.1 | 2.08 | 62.43 | 64.51 | OK | |
r-release-macos-arm64 | 0.4.1 | 51.00 | OK | |||
r-release-macos-x86_64 | 0.4.1 | 59.00 | OK | |||
r-release-windows-x86_64 | 0.4.1 | 6.00 | 84.00 | 90.00 | OK | |
r-oldrel-macos-arm64 | 0.4.1 | 34.00 | NOTE | |||
r-oldrel-macos-x86_64 | 0.4.1 | 58.00 | NOTE | |||
r-oldrel-windows-x86_64 | 0.4.1 | 6.00 | 88.00 | 94.00 | OK |
Version: 0.4.1
Check: dependencies in R code
Result: NOTE
Namespace in Imports field not imported from: ‘tibble’
All declared Imports should be used.
Flavors: r-devel-linux-x86_64-fedora-clang, r-devel-linux-x86_64-fedora-gcc, r-oldrel-macos-arm64, r-oldrel-macos-x86_64