CRAN Package Check Results for Package abodOutlier

Last updated on 2021-06-23 02:50:42 CEST.

Flavor Version Tinstall Tcheck Ttotal Status Flags
r-devel-linux-x86_64-debian-clang 0.1 1.96 22.69 24.65 NOTE
r-devel-linux-x86_64-debian-gcc 0.1 1.47 17.74 19.21 NOTE
r-devel-linux-x86_64-fedora-clang 0.1 39.18 NOTE
r-devel-linux-x86_64-fedora-gcc 0.1 29.18 NOTE
r-devel-windows-x86_64 0.1 3.00 35.00 38.00 NOTE
r-devel-windows-x86_64-gcc10-UCRT 0.1 NOTE
r-patched-linux-x86_64 0.1 1.98 22.13 24.11 NOTE
r-patched-solaris-x86 0.1 44.40 NOTE
r-release-linux-x86_64 0.1 1.71 21.96 23.67 NOTE
r-release-macos-arm64 0.1 NOTE
r-release-macos-x86_64 0.1 NOTE
r-release-windows-ix86+x86_64 0.1 5.00 38.00 43.00 NOTE
r-oldrel-macos-x86_64 0.1 OK

Check Details

Version: 0.1
Check: LazyData
Result: NOTE
     'LazyData' is specified without a 'data' directory
Flavors: r-devel-linux-x86_64-debian-clang, r-devel-linux-x86_64-debian-gcc, r-devel-linux-x86_64-fedora-clang, r-devel-linux-x86_64-fedora-gcc, r-devel-windows-x86_64, r-devel-windows-x86_64-gcc10-UCRT, r-patched-linux-x86_64, r-patched-solaris-x86, r-release-linux-x86_64, r-release-macos-arm64, r-release-macos-x86_64, r-release-windows-ix86+x86_64