Last updated on 2022-06-28 00:51:07 CEST.
Flavor | Version | Tinstall | Tcheck | Ttotal | Status | Flags |
---|---|---|---|---|---|---|
r-devel-linux-x86_64-debian-clang | 2.7-1 | 202.43 | 184.46 | 386.89 | NOTE | |
r-devel-linux-x86_64-debian-gcc | 2.7-1 | 154.44 | 140.05 | 294.49 | NOTE | |
r-devel-linux-x86_64-fedora-clang | 2.7-1 | 729.13 | NOTE | |||
r-devel-linux-x86_64-fedora-gcc | 2.7-1 | 689.14 | OK | |||
r-devel-windows-x86_64 | 2.7-1 | 207.00 | 310.00 | 517.00 | NOTE | |
r-patched-linux-x86_64 | 2.7-1 | 171.60 | 177.80 | 349.40 | NOTE | |
r-release-linux-x86_64 | 2.7-1 | 165.38 | 175.86 | 341.24 | NOTE | |
r-release-macos-arm64 | 2.7-1 | 124.00 | NOTE | |||
r-release-macos-x86_64 | 2.7-1 | 173.00 | NOTE | |||
r-release-windows-x86_64 | 2.7-1 | 183.00 | 242.00 | 425.00 | NOTE | |
r-oldrel-macos-arm64 | 2.7-1 | 134.00 | NOTE | |||
r-oldrel-macos-x86_64 | 2.7-1 | 155.00 | NOTE | |||
r-oldrel-windows-ix86+x86_64 | 2.7-1 | 498.00 | 351.00 | 849.00 | NOTE |
Version: 2.7-1
Check: package dependencies
Result: NOTE
Package suggested but not available for checking: 'INLA'
Flavors: r-devel-linux-x86_64-debian-clang, r-devel-linux-x86_64-debian-gcc, r-devel-windows-x86_64, r-patched-linux-x86_64, r-release-linux-x86_64, r-release-macos-arm64, r-release-macos-x86_64, r-release-windows-x86_64, r-oldrel-macos-arm64, r-oldrel-macos-x86_64
Version: 2.7-1
Check: installed package size
Result: NOTE
installed size is 7.6Mb
sub-directories of 1Mb or more:
libs 4.6Mb
Flavors: r-devel-linux-x86_64-fedora-clang, r-release-macos-arm64, r-release-macos-x86_64, r-oldrel-macos-arm64, r-oldrel-macos-x86_64, r-oldrel-windows-ix86+x86_64