CRAN Package Check Results for Package abjutils

Last updated on 2019-04-23 18:51:47 CEST.

Flavor Version Tinstall Tcheck Ttotal Status Flags
r-devel-linux-x86_64-debian-clang 0.2.3 2.64 24.34 26.98 OK
r-devel-linux-x86_64-debian-gcc 0.2.3 2.11 19.35 21.46 OK
r-devel-linux-x86_64-fedora-clang 0.2.3 31.61 NOTE
r-devel-linux-x86_64-fedora-gcc 0.2.3 30.42 NOTE
r-devel-windows-ix86+x86_64 0.2.3 10.00 48.00 58.00 OK
r-patched-linux-x86_64 0.2.3 2.74 24.28 27.02 OK
r-patched-solaris-x86 0.2.3 47.40 NOTE
r-release-linux-x86_64 0.2.3 1.35 23.08 24.43 OK
r-release-windows-ix86+x86_64 0.2.3 3.00 67.00 70.00 OK
r-release-osx-x86_64 0.2.3 NOTE
r-oldrel-windows-ix86+x86_64 0.2.3 5.00 37.00 42.00 OK
r-oldrel-osx-x86_64 0.2.3 NOTE

Check Details

Version: 0.2.3
Check: dependencies in R code
Result: NOTE
    Namespaces in Imports field not imported from:
     ‘httr’ ‘progress’
     All declared Imports should be used.
Flavors: r-devel-linux-x86_64-fedora-clang, r-devel-linux-x86_64-fedora-gcc, r-patched-solaris-x86, r-release-osx-x86_64, r-oldrel-osx-x86_64