CRAN Package Check Results for Package abjutils

Last updated on 2019-07-15 22:54:51 CEST.

Flavor Version Tinstall Tcheck Ttotal Status Flags
r-devel-linux-x86_64-debian-clang 0.2.3 2.33 24.22 26.55 NOTE
r-devel-linux-x86_64-debian-gcc 0.2.3 2.03 19.42 21.45 NOTE
r-devel-linux-x86_64-fedora-clang 0.2.3 32.31 NOTE
r-devel-linux-x86_64-fedora-gcc 0.2.3 30.57 NOTE
r-devel-windows-ix86+x86_64 0.2.3 11.00 56.00 67.00 NOTE
r-patched-linux-x86_64 0.2.3 2.68 24.43 27.11 NOTE
r-patched-solaris-x86 0.2.3 45.90 NOTE
r-release-linux-x86_64 0.2.3 2.81 24.24 27.05 NOTE
r-release-windows-ix86+x86_64 0.2.3 7.00 54.00 61.00 NOTE
r-release-osx-x86_64 0.2.3 NOTE
r-oldrel-windows-ix86+x86_64 0.2.3 5.00 56.00 61.00 NOTE
r-oldrel-osx-x86_64 0.2.3 NOTE

Check Details

Version: 0.2.3
Check: dependencies in R code
Result: NOTE
    Missing or unexported object: 'devtools::use_package'
Flavors: r-devel-linux-x86_64-debian-clang, r-devel-linux-x86_64-debian-gcc, r-devel-windows-ix86+x86_64, r-patched-linux-x86_64, r-release-linux-x86_64, r-release-windows-ix86+x86_64, r-oldrel-windows-ix86+x86_64

Version: 0.2.3
Check: dependencies in R code
Result: NOTE
    Namespaces in Imports field not imported from:
     ‘httr’ ‘progress’
     All declared Imports should be used.
    Missing or unexported object: ‘devtools::use_package’
Flavors: r-devel-linux-x86_64-fedora-clang, r-devel-linux-x86_64-fedora-gcc, r-patched-solaris-x86

Version: 0.2.3
Check: dependencies in R code
Result: NOTE
    Namespaces in Imports field not imported from:
     ‘httr’ ‘progress’
     All declared Imports should be used.
Flavors: r-release-osx-x86_64, r-oldrel-osx-x86_64