CRAN Package Check Results for Package abjData

Last updated on 2023-10-01 01:53:10 CEST.

Flavor Version Tinstall Tcheck Ttotal Status Flags
r-devel-linux-x86_64-debian-clang 1.1.2 17.50 24.14 41.64 OK
r-devel-linux-x86_64-debian-gcc 1.1.2 12.42 19.05 31.47 OK
r-devel-linux-x86_64-fedora-clang 1.1.2 52.51 NOTE
r-devel-linux-x86_64-fedora-gcc 1.1.2 53.87 NOTE
r-devel-windows-x86_64 1.1.2 17.00 40.00 57.00 OK
r-patched-linux-x86_64 1.1.2 16.02 23.24 39.26 OK
r-release-linux-x86_64 1.1.2 16.28 23.64 39.92 OK
r-release-macos-arm64 1.1.2 30.00 OK
r-release-macos-x86_64 1.1.2 35.00 OK
r-release-windows-x86_64 1.1.2 16.00 46.00 62.00 OK
r-oldrel-macos-arm64 1.1.2 29.00 OK
r-oldrel-macos-x86_64 1.1.2 36.00 NOTE
r-oldrel-windows-x86_64 1.1.2 28.00 43.00 71.00 OK

Check Details

Version: 1.1.2
Check: data for non-ASCII characters
Result: NOTE
     Note: found 134469 marked UTF-8 strings
Flavors: r-devel-linux-x86_64-fedora-clang, r-devel-linux-x86_64-fedora-gcc, r-oldrel-macos-x86_64