CRAN Package Check Results for Package abf2

Last updated on 2019-08-24 08:49:44 CEST.

Flavor Version Tinstall Tcheck Ttotal Status Flags
r-devel-linux-x86_64-debian-clang 0.7-1 2.41 19.80 22.21 NOTE
r-devel-linux-x86_64-debian-gcc 0.7-1 1.76 15.92 17.68 NOTE
r-devel-linux-x86_64-fedora-clang 0.7-1 28.54 NOTE
r-devel-linux-x86_64-fedora-gcc 0.7-1 26.12 NOTE
r-devel-windows-ix86+x86_64 0.7-1 6.00 44.00 50.00 NOTE
r-patched-linux-x86_64 0.7-1 1.83 19.77 21.60 NOTE
r-patched-solaris-x86 0.7-1 41.80 NOTE
r-release-linux-x86_64 0.7-1 1.90 19.80 21.70 NOTE
r-release-windows-ix86+x86_64 0.7-1 5.00 44.00 49.00 NOTE
r-release-osx-x86_64 0.7-1 NOTE
r-oldrel-windows-ix86+x86_64 0.7-1 2.00 27.00 29.00 NOTE
r-oldrel-osx-x86_64 0.7-1 NOTE

Check Details

Version: 0.7-1
Check: R code for possible problems
Result: NOTE
    multiplot: no visible global function definition for 'rainbow'
    multiplot: no visible global function definition for 'plot'
    multiplot: no visible global function definition for 'text'
    multiplot: no visible global function definition for 'lines'
    multiplot: no visible global function definition for 'par'
    plot.abf2: no visible global function definition for 'plot'
    plot.abf2: no visible global function definition for 'abline'
    plot.abf2: no visible global function definition for 'text'
    plot.abf2split: no visible global function definition for 'plot'
    Undefined global functions or variables:
     abline lines par plot rainbow text
    Consider adding
     importFrom("grDevices", "rainbow")
     importFrom("graphics", "abline", "lines", "par", "plot", "text")
    to your NAMESPACE file.
Flavors: r-devel-linux-x86_64-debian-clang, r-devel-linux-x86_64-debian-gcc, r-devel-linux-x86_64-fedora-clang, r-devel-linux-x86_64-fedora-gcc, r-devel-windows-ix86+x86_64, r-patched-linux-x86_64, r-patched-solaris-x86, r-release-linux-x86_64, r-release-windows-ix86+x86_64, r-release-osx-x86_64, r-oldrel-windows-ix86+x86_64, r-oldrel-osx-x86_64